{"id":1155,"date":"2019-01-13T22:58:07","date_gmt":"2019-01-13T21:58:07","guid":{"rendered":"https:\/\/www.reservisten-brandenburg.de\/?page_id=1155"},"modified":"2020-07-23T22:06:22","modified_gmt":"2020-07-23T20:06:22","slug":"plan-2019","status":"publish","type":"page","link":"https:\/\/www.reservisten-brandenburg.de\/sicherungszug\/plan-sichzg\/plan-2019\/","title":{"rendered":"Planung 2019"},"content":{"rendered":"\n<p>Im Ausbildungsjahr 2019 steht das Zusammenf\u00fchren der Kr\u00e4fte und deren Training im Vordergrund, sowie deren milit\u00e4rischer Ausbildung. Dabei ist das Hauptziel feste Trupps und Gruppen aufzustellen. Aufgebaut wird dabei auf die abgeschlossene Einzelausbildung aus dem <a href=\"https:\/\/www.reservisten-brandenburg.de\/sicherungszug\/plan-sichzg\/\">Vorjahr<\/a>.<\/p>\n\n\n\n<p>Ein besonderes Augenmerk liegt auf der Ausbildung der verschiedenen Trupps in den Gruppen. Hier soll eine feste Basis gebildet werden, um dann in der Folge bei der Gruppen- und Zugausbildung darauf aufzubauen. Sp\u00e4testens dann sollen feste Trupps und Gruppen gebildet worden sein.<\/p>\n\n\n\n<figure class=\"wp-block-image\"><img decoding=\"async\" src=\"https:\/\/www.reservisten-brandenburg.de\/wp-content\/uploads\/2019\/03\/San-Ausbildung_2-1024x576.jpg\" alt=\"\" class=\"wp-image-3901\"\/><figcaption>Reservisten transportieren feldm\u00e4\u00dfig einen Verwundeten (Foto: Ronald Nitschke)<\/figcaption><\/figure>\n\n\n\n<p>Auch in diesem Jahr werden wieder vier gr\u00f6\u00dfere <a href=\"https:\/\/www.reservisten-brandenburg.de\/events\/kategorie\/sicherungszug\/\">Ausbildunsgvorhaben<\/a> umgesetzt. Dazu kommen die <a href=\"https:\/\/www.reservisten-brandenburg.de\/events\/kategorie\/militaerische-ausbildung\/schiessausbildung\/\">Schie\u00dfausbildungen<\/a> und der <a href=\"https:\/\/www.reservisten-brandenburg.de\/event\/motivationstag\/\">Motivationstag<\/a> der Landesgruppe. Teilnehmen k\u00f6nnen auch Reservisten, die an den vorhergehenden Ausbildungen nicht teilgenommen haben. Diese werden dann je nach Ihren F\u00e4higkeiten in die Trupps und Gruppen integriert.<\/p>\n","protected":false},"excerpt":{"rendered":"<p>Im Ausbildungsjahr 2019 steht das Zusammenf\u00fchren der Kr\u00e4fte und deren Training im Vordergrund, sowie deren milit\u00e4rischer Ausbildung. Dabei ist das Hauptziel feste Trupps und Gruppen aufzustellen. Aufgebaut wird dabei auf [&hellip;]<\/p>\n","protected":false},"author":12,"featured_media":52,"parent":1153,"menu_order":4,"comment_status":"closed","ping_status":"closed","template":"","meta":{"footnotes":""},"class_list":["post-1155","page","type-page","status-publish","has-post-thumbnail","hentry"],"yoast_head":"<!-- This site is optimized with the Yoast SEO plugin v27.4 - https:\/\/yoast.com\/product\/yoast-seo-wordpress\/ -->\n<title>Planung 2019 - Sicherungszug Brandenburg<\/title>\n<meta name=\"robots\" content=\"index, follow, max-snippet:-1, max-image-preview:large, max-video-preview:-1\" \/>\n<link rel=\"canonical\" href=\"https:\/\/www.reservisten-brandenburg.de\/sicherungszug\/plan-sichzg\/plan-2019\/\" \/>\n<meta property=\"og:locale\" content=\"de_DE\" \/>\n<meta property=\"og:type\" content=\"article\" \/>\n<meta property=\"og:title\" content=\"Planung 2019 - Sicherungszug Brandenburg\" \/>\n<meta property=\"og:description\" content=\"Im Ausbildungsjahr 2019 steht das Zusammenf\u00fchren der Kr\u00e4fte und deren Training im Vordergrund, sowie deren milit\u00e4rischer Ausbildung. Dabei ist das Hauptziel feste Trupps und Gruppen aufzustellen. Aufgebaut wird dabei auf [&hellip;]\" \/>\n<meta property=\"og:url\" content=\"https:\/\/www.reservisten-brandenburg.de\/sicherungszug\/plan-sichzg\/plan-2019\/\" \/>\n<meta property=\"og:site_name\" content=\"Sicherungszug Brandenburg\" \/>\n<meta property=\"article:publisher\" content=\"https:\/\/www.facebook.com\/reservisten.brandenburg\/\" \/>\n<meta property=\"article:modified_time\" content=\"2020-07-23T20:06:22+00:00\" \/>\n<meta property=\"og:image\" content=\"https:\/\/www.reservisten-brandenburg.de\/sicherungszug\/wp-content\/uploads\/sites\/5\/2020\/03\/Sicherungszug_Hindernisbahn.jpg\" \/>\n\t<meta property=\"og:image:width\" content=\"1600\" \/>\n\t<meta property=\"og:image:height\" content=\"900\" \/>\n\t<meta property=\"og:image:type\" content=\"image\/jpeg\" \/>\n<meta name=\"twitter:card\" content=\"summary_large_image\" \/>\n<meta name=\"twitter:site\" content=\"@ResBrandenburg\" \/>\n<meta name=\"twitter:label1\" content=\"Gesch\u00e4tzte Lesezeit\" \/>\n\t<meta name=\"twitter:data1\" content=\"1\u00a0Minute\" \/>\n<script type=\"application\/ld+json\" class=\"yoast-schema-graph\">{\"@context\":\"https:\\\/\\\/schema.org\",\"@graph\":[{\"@type\":\"WebPage\",\"@id\":\"https:\\\/\\\/www.reservisten-brandenburg.de\\\/sicherungszug\\\/plan-sichzg\\\/plan-2019\\\/\",\"url\":\"https:\\\/\\\/www.reservisten-brandenburg.de\\\/sicherungszug\\\/plan-sichzg\\\/plan-2019\\\/\",\"name\":\"Planung 2019 - Sicherungszug Brandenburg\",\"isPartOf\":{\"@id\":\"https:\\\/\\\/www.reservisten-brandenburg.de\\\/sicherungszug\\\/#website\"},\"primaryImageOfPage\":{\"@id\":\"https:\\\/\\\/www.reservisten-brandenburg.de\\\/sicherungszug\\\/plan-sichzg\\\/plan-2019\\\/#primaryimage\"},\"image\":{\"@id\":\"https:\\\/\\\/www.reservisten-brandenburg.de\\\/sicherungszug\\\/plan-sichzg\\\/plan-2019\\\/#primaryimage\"},\"thumbnailUrl\":\"https:\\\/\\\/www.reservisten-brandenburg.de\\\/sicherungszug\\\/wp-content\\\/uploads\\\/sites\\\/5\\\/2020\\\/03\\\/Sicherungszug_Hindernisbahn.jpg\",\"datePublished\":\"2019-01-13T21:58:07+00:00\",\"dateModified\":\"2020-07-23T20:06:22+00:00\",\"breadcrumb\":{\"@id\":\"https:\\\/\\\/www.reservisten-brandenburg.de\\\/sicherungszug\\\/plan-sichzg\\\/plan-2019\\\/#breadcrumb\"},\"inLanguage\":\"de\",\"potentialAction\":[{\"@type\":\"ReadAction\",\"target\":[\"https:\\\/\\\/www.reservisten-brandenburg.de\\\/sicherungszug\\\/plan-sichzg\\\/plan-2019\\\/\"]}]},{\"@type\":\"ImageObject\",\"inLanguage\":\"de\",\"@id\":\"https:\\\/\\\/www.reservisten-brandenburg.de\\\/sicherungszug\\\/plan-sichzg\\\/plan-2019\\\/#primaryimage\",\"url\":\"https:\\\/\\\/www.reservisten-brandenburg.de\\\/sicherungszug\\\/wp-content\\\/uploads\\\/sites\\\/5\\\/2020\\\/03\\\/Sicherungszug_Hindernisbahn.jpg\",\"contentUrl\":\"https:\\\/\\\/www.reservisten-brandenburg.de\\\/sicherungszug\\\/wp-content\\\/uploads\\\/sites\\\/5\\\/2020\\\/03\\\/Sicherungszug_Hindernisbahn.jpg\",\"width\":1600,\"height\":900},{\"@type\":\"BreadcrumbList\",\"@id\":\"https:\\\/\\\/www.reservisten-brandenburg.de\\\/sicherungszug\\\/plan-sichzg\\\/plan-2019\\\/#breadcrumb\",\"itemListElement\":[{\"@type\":\"ListItem\",\"position\":1,\"name\":\"Startseite\",\"item\":\"https:\\\/\\\/www.reservisten-brandenburg.de\\\/sicherungszug\\\/\"},{\"@type\":\"ListItem\",\"position\":2,\"name\":\"Der Plan\",\"item\":\"https:\\\/\\\/www.reservisten-brandenburg.de\\\/sicherungszug\\\/plan-sichzg\\\/\"},{\"@type\":\"ListItem\",\"position\":3,\"name\":\"Planung 2019\"}]},{\"@type\":\"WebSite\",\"@id\":\"https:\\\/\\\/www.reservisten-brandenburg.de\\\/sicherungszug\\\/#website\",\"url\":\"https:\\\/\\\/www.reservisten-brandenburg.de\\\/sicherungszug\\\/\",\"name\":\"Sicherungszug Brandenburg\",\"description\":\"Eine weitere Reservistenverband Brandenburg - Websites Website\",\"publisher\":{\"@id\":\"https:\\\/\\\/www.reservisten-brandenburg.de\\\/sicherungszug\\\/#organization\"},\"potentialAction\":[{\"@type\":\"SearchAction\",\"target\":{\"@type\":\"EntryPoint\",\"urlTemplate\":\"https:\\\/\\\/www.reservisten-brandenburg.de\\\/sicherungszug\\\/?s={search_term_string}\"},\"query-input\":{\"@type\":\"PropertyValueSpecification\",\"valueRequired\":true,\"valueName\":\"search_term_string\"}}],\"inLanguage\":\"de\"},{\"@type\":\"Organization\",\"@id\":\"https:\\\/\\\/www.reservisten-brandenburg.de\\\/sicherungszug\\\/#organization\",\"name\":\"Reservistenverband Brandenburg\",\"url\":\"https:\\\/\\\/www.reservisten-brandenburg.de\\\/sicherungszug\\\/\",\"logo\":{\"@type\":\"ImageObject\",\"inLanguage\":\"de\",\"@id\":\"https:\\\/\\\/www.reservisten-brandenburg.de\\\/sicherungszug\\\/#\\\/schema\\\/logo\\\/image\\\/\",\"url\":\"\",\"contentUrl\":\"\",\"caption\":\"Reservistenverband Brandenburg\"},\"image\":{\"@id\":\"https:\\\/\\\/www.reservisten-brandenburg.de\\\/sicherungszug\\\/#\\\/schema\\\/logo\\\/image\\\/\"},\"sameAs\":[\"https:\\\/\\\/www.facebook.com\\\/reservisten.brandenburg\\\/\",\"https:\\\/\\\/x.com\\\/ResBrandenburg\",\"https:\\\/\\\/www.youtube.com\\\/channel\\\/UC30IySNYu79rnI6_89Sdf_A\",\"https:\\\/\\\/de.wikipedia.org\\\/wiki\\\/Verband_der_Reservisten_der_Deutschen_Bundeswehr\"]}]}<\/script>\n<!-- \/ Yoast SEO plugin. -->","yoast_head_json":{"title":"Planung 2019 - Sicherungszug Brandenburg","robots":{"index":"index","follow":"follow","max-snippet":"max-snippet:-1","max-image-preview":"max-image-preview:large","max-video-preview":"max-video-preview:-1"},"canonical":"https:\/\/www.reservisten-brandenburg.de\/sicherungszug\/plan-sichzg\/plan-2019\/","og_locale":"de_DE","og_type":"article","og_title":"Planung 2019 - Sicherungszug Brandenburg","og_description":"Im Ausbildungsjahr 2019 steht das Zusammenf\u00fchren der Kr\u00e4fte und deren Training im Vordergrund, sowie deren milit\u00e4rischer Ausbildung. Dabei ist das Hauptziel feste Trupps und Gruppen aufzustellen. Aufgebaut wird dabei auf [&hellip;]","og_url":"https:\/\/www.reservisten-brandenburg.de\/sicherungszug\/plan-sichzg\/plan-2019\/","og_site_name":"Sicherungszug Brandenburg","article_publisher":"https:\/\/www.facebook.com\/reservisten.brandenburg\/","article_modified_time":"2020-07-23T20:06:22+00:00","og_image":[{"width":1600,"height":900,"url":"https:\/\/www.reservisten-brandenburg.de\/sicherungszug\/wp-content\/uploads\/sites\/5\/2020\/03\/Sicherungszug_Hindernisbahn.jpg","type":"image\/jpeg"}],"twitter_card":"summary_large_image","twitter_site":"@ResBrandenburg","twitter_misc":{"Gesch\u00e4tzte Lesezeit":"1\u00a0Minute"},"schema":{"@context":"https:\/\/schema.org","@graph":[{"@type":"WebPage","@id":"https:\/\/www.reservisten-brandenburg.de\/sicherungszug\/plan-sichzg\/plan-2019\/","url":"https:\/\/www.reservisten-brandenburg.de\/sicherungszug\/plan-sichzg\/plan-2019\/","name":"Planung 2019 - Sicherungszug Brandenburg","isPartOf":{"@id":"https:\/\/www.reservisten-brandenburg.de\/sicherungszug\/#website"},"primaryImageOfPage":{"@id":"https:\/\/www.reservisten-brandenburg.de\/sicherungszug\/plan-sichzg\/plan-2019\/#primaryimage"},"image":{"@id":"https:\/\/www.reservisten-brandenburg.de\/sicherungszug\/plan-sichzg\/plan-2019\/#primaryimage"},"thumbnailUrl":"https:\/\/www.reservisten-brandenburg.de\/sicherungszug\/wp-content\/uploads\/sites\/5\/2020\/03\/Sicherungszug_Hindernisbahn.jpg","datePublished":"2019-01-13T21:58:07+00:00","dateModified":"2020-07-23T20:06:22+00:00","breadcrumb":{"@id":"https:\/\/www.reservisten-brandenburg.de\/sicherungszug\/plan-sichzg\/plan-2019\/#breadcrumb"},"inLanguage":"de","potentialAction":[{"@type":"ReadAction","target":["https:\/\/www.reservisten-brandenburg.de\/sicherungszug\/plan-sichzg\/plan-2019\/"]}]},{"@type":"ImageObject","inLanguage":"de","@id":"https:\/\/www.reservisten-brandenburg.de\/sicherungszug\/plan-sichzg\/plan-2019\/#primaryimage","url":"https:\/\/www.reservisten-brandenburg.de\/sicherungszug\/wp-content\/uploads\/sites\/5\/2020\/03\/Sicherungszug_Hindernisbahn.jpg","contentUrl":"https:\/\/www.reservisten-brandenburg.de\/sicherungszug\/wp-content\/uploads\/sites\/5\/2020\/03\/Sicherungszug_Hindernisbahn.jpg","width":1600,"height":900},{"@type":"BreadcrumbList","@id":"https:\/\/www.reservisten-brandenburg.de\/sicherungszug\/plan-sichzg\/plan-2019\/#breadcrumb","itemListElement":[{"@type":"ListItem","position":1,"name":"Startseite","item":"https:\/\/www.reservisten-brandenburg.de\/sicherungszug\/"},{"@type":"ListItem","position":2,"name":"Der Plan","item":"https:\/\/www.reservisten-brandenburg.de\/sicherungszug\/plan-sichzg\/"},{"@type":"ListItem","position":3,"name":"Planung 2019"}]},{"@type":"WebSite","@id":"https:\/\/www.reservisten-brandenburg.de\/sicherungszug\/#website","url":"https:\/\/www.reservisten-brandenburg.de\/sicherungszug\/","name":"Sicherungszug Brandenburg","description":"Eine weitere Reservistenverband Brandenburg - Websites Website","publisher":{"@id":"https:\/\/www.reservisten-brandenburg.de\/sicherungszug\/#organization"},"potentialAction":[{"@type":"SearchAction","target":{"@type":"EntryPoint","urlTemplate":"https:\/\/www.reservisten-brandenburg.de\/sicherungszug\/?s={search_term_string}"},"query-input":{"@type":"PropertyValueSpecification","valueRequired":true,"valueName":"search_term_string"}}],"inLanguage":"de"},{"@type":"Organization","@id":"https:\/\/www.reservisten-brandenburg.de\/sicherungszug\/#organization","name":"Reservistenverband Brandenburg","url":"https:\/\/www.reservisten-brandenburg.de\/sicherungszug\/","logo":{"@type":"ImageObject","inLanguage":"de","@id":"https:\/\/www.reservisten-brandenburg.de\/sicherungszug\/#\/schema\/logo\/image\/","url":"","contentUrl":"","caption":"Reservistenverband Brandenburg"},"image":{"@id":"https:\/\/www.reservisten-brandenburg.de\/sicherungszug\/#\/schema\/logo\/image\/"},"sameAs":["https:\/\/www.facebook.com\/reservisten.brandenburg\/","https:\/\/x.com\/ResBrandenburg","https:\/\/www.youtube.com\/channel\/UC30IySNYu79rnI6_89Sdf_A","https:\/\/de.wikipedia.org\/wiki\/Verband_der_Reservisten_der_Deutschen_Bundeswehr"]}]}},"_links":{"self":[{"href":"https:\/\/www.reservisten-brandenburg.de\/sicherungszug\/wp-json\/wp\/v2\/pages\/1155","targetHints":{"allow":["GET"]}}],"collection":[{"href":"https:\/\/www.reservisten-brandenburg.de\/sicherungszug\/wp-json\/wp\/v2\/pages"}],"about":[{"href":"https:\/\/www.reservisten-brandenburg.de\/sicherungszug\/wp-json\/wp\/v2\/types\/page"}],"author":[{"embeddable":true,"href":"https:\/\/www.reservisten-brandenburg.de\/sicherungszug\/wp-json\/wp\/v2\/users\/12"}],"replies":[{"embeddable":true,"href":"https:\/\/www.reservisten-brandenburg.de\/sicherungszug\/wp-json\/wp\/v2\/comments?post=1155"}],"version-history":[{"count":0,"href":"https:\/\/www.reservisten-brandenburg.de\/sicherungszug\/wp-json\/wp\/v2\/pages\/1155\/revisions"}],"up":[{"embeddable":true,"href":"https:\/\/www.reservisten-brandenburg.de\/sicherungszug\/wp-json\/wp\/v2\/pages\/1153"}],"wp:featuredmedia":[{"embeddable":true,"href":"https:\/\/www.reservisten-brandenburg.de\/sicherungszug\/wp-json\/wp\/v2\/media\/52"}],"wp:attachment":[{"href":"https:\/\/www.reservisten-brandenburg.de\/sicherungszug\/wp-json\/wp\/v2\/media?parent=1155"}],"curies":[{"name":"wp","href":"https:\/\/api.w.org\/{rel}","templated":true}]}}