{"id":161,"date":"2020-03-24T11:30:55","date_gmt":"2020-03-24T10:30:55","guid":{"rendered":"https:\/\/www.reservisten-brandenburg.de\/reservistenkameradschaften\/?page_id=161"},"modified":"2020-03-24T14:49:21","modified_gmt":"2020-03-24T13:49:21","slug":"militaerische-ausbildung","status":"publish","type":"page","link":"https:\/\/www.reservisten-brandenburg.de\/reservistenkameradschaften\/informationen\/militaerische-ausbildung\/","title":{"rendered":"Milit\u00e4rische Ausbildung"},"content":{"rendered":"\n<p>Die milit\u00e4rischen Ausbildung ist das wesentlichen Alleinstellungsmerkmal des <a rel=\"noreferrer noopener\" aria-label=\"Reservistenverbandes (\u00f6ffnet in neuem Tab)\" href=\"https:\/\/www.reservisten-brandenburg.de\/die-landesgruppe\/partner\/reservistenverband\/\" target=\"_blank\">Reservistenverbandes<\/a>. Sie stellt einen wesentlichen Schwerpunkt der T\u00e4tigkeiten in der Landesgruppe Brandenburg da. Gr\u00f6\u00dfere und aufwendigere Vorhaben werden im Regelfall auf Landesebene organisiert und durchgef\u00fchrt. Dies geschieht im Regelfall im Rahmen der Ausbildung im <a rel=\"noreferrer noopener\" aria-label=\"Sicherungszug (\u00f6ffnet in neuem Tab)\" href=\"https:\/\/www.sicherungszug.de\" target=\"_blank\">Sicherungszug<\/a>.<\/p>\n\n\n\n<p>Aber auch in den Reservistenkameradschaften sollte <a rel=\"noreferrer noopener\" aria-label=\"milit\u00e4rischen Ausbildung (\u00f6ffnet in neuem Tab)\" href=\"https:\/\/www.reservisten-brandenburg.de\/militaerische-ausbildung\/\" target=\"_blank\">milit\u00e4rische Ausbildung<\/a> stattfinden, um den Mitgliedern die Teilnahme an einer lebendigen Reservistenarbeit zu erm\u00f6glichen. Bauen Sie Elemente der milit\u00e4rischen Ausbildung, wo immer auch m\u00f6glich und sinnvoll, in Ihre Vorhaben und Veranstaltungen ein.<\/p>\n\n\n\n<h4 class=\"wp-block-heading\">Beachten Sie dazu die folgenden Hinweise und Grunds\u00e4tze:<\/h4>\n\n\n\n<ul class=\"wp-block-list\"><li>Das Training grundlegender Milit\u00e4rischer F\u00e4higkeiten sollte in den Reservistenkameradschaften erfolgen, um die Ausbildung auf Landesebene zu unterst\u00fctzen. Nur so k\u00f6nnen dort ein h\u00f6heres Niveau und eine interessante und fordernde Ausbildung erreicht werden.<\/li><li>Arbeiten Sie dazu auch mit den anderen Reservistenkameradschaften zusammen. <\/li><li>Auf der Webseite der Landesgruppe wird nach und nach Ausbildungsmaterial bereitgestellt, dass z.B. am RK-Abend genutzt werden kann. <\/li><li>Stellen Sie selber erstelltes Ausbildungsmaterial auch den anderen Reservistenkameradschaften \u00fcber den o.g. Weg zur Verf\u00fcgung.<\/li><li>Sprechen Sie den <a rel=\"noreferrer noopener\" aria-label=\"Landesbeauftragten f\u00fcr Milit\u00e4rische Ausbildung (\u00f6ffnet in neuem Tab)\" href=\"https:\/\/www.reservisten-brandenburg.de\/die-landesgruppe\/landesvorstand\/\" target=\"_blank\">Landesbeauftragten f\u00fcr Milit\u00e4rische Ausbildung<\/a> an, wenn Sie Unterst\u00fctzung ben\u00f6tigen.<\/li><\/ul>\n","protected":false},"excerpt":{"rendered":"<p>Die milit\u00e4rischen Ausbildung ist das wesentlichen Alleinstellungsmerkmal des Reservistenverbandes. Sie stellt einen wesentlichen Schwerpunkt der T\u00e4tigkeiten in der Landesgruppe Brandenburg da. Gr\u00f6\u00dfere und aufwendigere Vorhaben werden im Regelfall auf Landesebene [&hellip;]<\/p>\n","protected":false},"author":12,"featured_media":162,"parent":55,"menu_order":0,"comment_status":"closed","ping_status":"closed","template":"","meta":{"footnotes":""},"class_list":["post-161","page","type-page","status-publish","has-post-thumbnail","hentry"],"yoast_head":"<!-- This site is optimized with the Yoast SEO plugin v27.3 - https:\/\/yoast.com\/product\/yoast-seo-wordpress\/ -->\n<title>Milit\u00e4rische Ausbildung - Die Reserve vor Ort<\/title>\n<meta name=\"robots\" content=\"index, follow, max-snippet:-1, max-image-preview:large, max-video-preview:-1\" \/>\n<link rel=\"canonical\" href=\"https:\/\/www.reservisten-brandenburg.de\/reservistenkameradschaften\/informationen\/militaerische-ausbildung\/\" \/>\n<meta property=\"og:locale\" content=\"de_DE\" \/>\n<meta property=\"og:type\" content=\"article\" \/>\n<meta property=\"og:title\" content=\"Milit\u00e4rische Ausbildung - Die Reserve vor Ort\" \/>\n<meta property=\"og:description\" content=\"Die milit\u00e4rischen Ausbildung ist das wesentlichen Alleinstellungsmerkmal des Reservistenverbandes. Sie stellt einen wesentlichen Schwerpunkt der T\u00e4tigkeiten in der Landesgruppe Brandenburg da. Gr\u00f6\u00dfere und aufwendigere Vorhaben werden im Regelfall auf Landesebene [&hellip;]\" \/>\n<meta property=\"og:url\" content=\"https:\/\/www.reservisten-brandenburg.de\/reservistenkameradschaften\/informationen\/militaerische-ausbildung\/\" \/>\n<meta property=\"og:site_name\" content=\"Die Reserve vor Ort\" \/>\n<meta property=\"article:publisher\" content=\"https:\/\/www.facebook.com\/reservisten.brandenburg\/\" \/>\n<meta property=\"article:modified_time\" content=\"2020-03-24T13:49:21+00:00\" \/>\n<meta property=\"og:image\" content=\"https:\/\/www.reservisten-brandenburg.de\/reservistenkameradschaften\/wp-content\/uploads\/sites\/9\/2020\/03\/Reservisten_Wald_Patrouille.jpg\" \/>\n\t<meta property=\"og:image:width\" content=\"1600\" \/>\n\t<meta property=\"og:image:height\" content=\"900\" \/>\n\t<meta property=\"og:image:type\" content=\"image\/jpeg\" \/>\n<meta name=\"twitter:card\" content=\"summary_large_image\" \/>\n<meta name=\"twitter:site\" content=\"@ResBrandenburg\" \/>\n<meta name=\"twitter:label1\" content=\"Gesch\u00e4tzte Lesezeit\" \/>\n\t<meta name=\"twitter:data1\" content=\"1\u00a0Minute\" \/>\n<script type=\"application\/ld+json\" class=\"yoast-schema-graph\">{\"@context\":\"https:\\\/\\\/schema.org\",\"@graph\":[{\"@type\":\"WebPage\",\"@id\":\"https:\\\/\\\/www.reservisten-brandenburg.de\\\/reservistenkameradschaften\\\/informationen\\\/militaerische-ausbildung\\\/\",\"url\":\"https:\\\/\\\/www.reservisten-brandenburg.de\\\/reservistenkameradschaften\\\/informationen\\\/militaerische-ausbildung\\\/\",\"name\":\"Milit\u00e4rische Ausbildung - Die Reserve vor Ort\",\"isPartOf\":{\"@id\":\"https:\\\/\\\/www.reservisten-brandenburg.de\\\/reservistenkameradschaften\\\/#website\"},\"primaryImageOfPage\":{\"@id\":\"https:\\\/\\\/www.reservisten-brandenburg.de\\\/reservistenkameradschaften\\\/informationen\\\/militaerische-ausbildung\\\/#primaryimage\"},\"image\":{\"@id\":\"https:\\\/\\\/www.reservisten-brandenburg.de\\\/reservistenkameradschaften\\\/informationen\\\/militaerische-ausbildung\\\/#primaryimage\"},\"thumbnailUrl\":\"https:\\\/\\\/www.reservisten-brandenburg.de\\\/reservistenkameradschaften\\\/wp-content\\\/uploads\\\/sites\\\/9\\\/2020\\\/03\\\/Reservisten_Wald_Patrouille.jpg\",\"datePublished\":\"2020-03-24T10:30:55+00:00\",\"dateModified\":\"2020-03-24T13:49:21+00:00\",\"breadcrumb\":{\"@id\":\"https:\\\/\\\/www.reservisten-brandenburg.de\\\/reservistenkameradschaften\\\/informationen\\\/militaerische-ausbildung\\\/#breadcrumb\"},\"inLanguage\":\"de\",\"potentialAction\":[{\"@type\":\"ReadAction\",\"target\":[\"https:\\\/\\\/www.reservisten-brandenburg.de\\\/reservistenkameradschaften\\\/informationen\\\/militaerische-ausbildung\\\/\"]}]},{\"@type\":\"ImageObject\",\"inLanguage\":\"de\",\"@id\":\"https:\\\/\\\/www.reservisten-brandenburg.de\\\/reservistenkameradschaften\\\/informationen\\\/militaerische-ausbildung\\\/#primaryimage\",\"url\":\"https:\\\/\\\/www.reservisten-brandenburg.de\\\/reservistenkameradschaften\\\/wp-content\\\/uploads\\\/sites\\\/9\\\/2020\\\/03\\\/Reservisten_Wald_Patrouille.jpg\",\"contentUrl\":\"https:\\\/\\\/www.reservisten-brandenburg.de\\\/reservistenkameradschaften\\\/wp-content\\\/uploads\\\/sites\\\/9\\\/2020\\\/03\\\/Reservisten_Wald_Patrouille.jpg\",\"width\":1600,\"height\":900},{\"@type\":\"BreadcrumbList\",\"@id\":\"https:\\\/\\\/www.reservisten-brandenburg.de\\\/reservistenkameradschaften\\\/informationen\\\/militaerische-ausbildung\\\/#breadcrumb\",\"itemListElement\":[{\"@type\":\"ListItem\",\"position\":1,\"name\":\"Startseite\",\"item\":\"https:\\\/\\\/www.reservisten-brandenburg.de\\\/reservistenkameradschaften\\\/\"},{\"@type\":\"ListItem\",\"position\":2,\"name\":\"Arbeitshilfe f\u00fcr RK-Vorst\u00e4nde\",\"item\":\"https:\\\/\\\/www.reservisten-brandenburg.de\\\/reservistenkameradschaften\\\/informationen\\\/\"},{\"@type\":\"ListItem\",\"position\":3,\"name\":\"Milit\u00e4rische Ausbildung\"}]},{\"@type\":\"WebSite\",\"@id\":\"https:\\\/\\\/www.reservisten-brandenburg.de\\\/reservistenkameradschaften\\\/#website\",\"url\":\"https:\\\/\\\/www.reservisten-brandenburg.de\\\/reservistenkameradschaften\\\/\",\"name\":\"Die Reserve vor Ort\",\"description\":\"Eine weitere Reservistenverband Brandenburg - Websites Website\",\"publisher\":{\"@id\":\"https:\\\/\\\/www.reservisten-brandenburg.de\\\/reservistenkameradschaften\\\/#organization\"},\"potentialAction\":[{\"@type\":\"SearchAction\",\"target\":{\"@type\":\"EntryPoint\",\"urlTemplate\":\"https:\\\/\\\/www.reservisten-brandenburg.de\\\/reservistenkameradschaften\\\/?s={search_term_string}\"},\"query-input\":{\"@type\":\"PropertyValueSpecification\",\"valueRequired\":true,\"valueName\":\"search_term_string\"}}],\"inLanguage\":\"de\"},{\"@type\":\"Organization\",\"@id\":\"https:\\\/\\\/www.reservisten-brandenburg.de\\\/reservistenkameradschaften\\\/#organization\",\"name\":\"Reservistenverband Brandenburg\",\"url\":\"https:\\\/\\\/www.reservisten-brandenburg.de\\\/reservistenkameradschaften\\\/\",\"logo\":{\"@type\":\"ImageObject\",\"inLanguage\":\"de\",\"@id\":\"https:\\\/\\\/www.reservisten-brandenburg.de\\\/reservistenkameradschaften\\\/#\\\/schema\\\/logo\\\/image\\\/\",\"url\":\"\",\"contentUrl\":\"\",\"caption\":\"Reservistenverband Brandenburg\"},\"image\":{\"@id\":\"https:\\\/\\\/www.reservisten-brandenburg.de\\\/reservistenkameradschaften\\\/#\\\/schema\\\/logo\\\/image\\\/\"},\"sameAs\":[\"https:\\\/\\\/www.facebook.com\\\/reservisten.brandenburg\\\/\",\"https:\\\/\\\/x.com\\\/ResBrandenburg\",\"https:\\\/\\\/www.youtube.com\\\/channel\\\/UC30IySNYu79rnI6_89Sdf_A\",\"https:\\\/\\\/de.wikipedia.org\\\/wiki\\\/Verband_der_Reservisten_der_Deutschen_Bundeswehr\"]}]}<\/script>\n<!-- \/ Yoast SEO plugin. -->","yoast_head_json":{"title":"Milit\u00e4rische Ausbildung - Die Reserve vor Ort","robots":{"index":"index","follow":"follow","max-snippet":"max-snippet:-1","max-image-preview":"max-image-preview:large","max-video-preview":"max-video-preview:-1"},"canonical":"https:\/\/www.reservisten-brandenburg.de\/reservistenkameradschaften\/informationen\/militaerische-ausbildung\/","og_locale":"de_DE","og_type":"article","og_title":"Milit\u00e4rische Ausbildung - Die Reserve vor Ort","og_description":"Die milit\u00e4rischen Ausbildung ist das wesentlichen Alleinstellungsmerkmal des Reservistenverbandes. Sie stellt einen wesentlichen Schwerpunkt der T\u00e4tigkeiten in der Landesgruppe Brandenburg da. Gr\u00f6\u00dfere und aufwendigere Vorhaben werden im Regelfall auf Landesebene [&hellip;]","og_url":"https:\/\/www.reservisten-brandenburg.de\/reservistenkameradschaften\/informationen\/militaerische-ausbildung\/","og_site_name":"Die Reserve vor Ort","article_publisher":"https:\/\/www.facebook.com\/reservisten.brandenburg\/","article_modified_time":"2020-03-24T13:49:21+00:00","og_image":[{"width":1600,"height":900,"url":"https:\/\/www.reservisten-brandenburg.de\/reservistenkameradschaften\/wp-content\/uploads\/sites\/9\/2020\/03\/Reservisten_Wald_Patrouille.jpg","type":"image\/jpeg"}],"twitter_card":"summary_large_image","twitter_site":"@ResBrandenburg","twitter_misc":{"Gesch\u00e4tzte Lesezeit":"1\u00a0Minute"},"schema":{"@context":"https:\/\/schema.org","@graph":[{"@type":"WebPage","@id":"https:\/\/www.reservisten-brandenburg.de\/reservistenkameradschaften\/informationen\/militaerische-ausbildung\/","url":"https:\/\/www.reservisten-brandenburg.de\/reservistenkameradschaften\/informationen\/militaerische-ausbildung\/","name":"Milit\u00e4rische Ausbildung - Die Reserve vor Ort","isPartOf":{"@id":"https:\/\/www.reservisten-brandenburg.de\/reservistenkameradschaften\/#website"},"primaryImageOfPage":{"@id":"https:\/\/www.reservisten-brandenburg.de\/reservistenkameradschaften\/informationen\/militaerische-ausbildung\/#primaryimage"},"image":{"@id":"https:\/\/www.reservisten-brandenburg.de\/reservistenkameradschaften\/informationen\/militaerische-ausbildung\/#primaryimage"},"thumbnailUrl":"https:\/\/www.reservisten-brandenburg.de\/reservistenkameradschaften\/wp-content\/uploads\/sites\/9\/2020\/03\/Reservisten_Wald_Patrouille.jpg","datePublished":"2020-03-24T10:30:55+00:00","dateModified":"2020-03-24T13:49:21+00:00","breadcrumb":{"@id":"https:\/\/www.reservisten-brandenburg.de\/reservistenkameradschaften\/informationen\/militaerische-ausbildung\/#breadcrumb"},"inLanguage":"de","potentialAction":[{"@type":"ReadAction","target":["https:\/\/www.reservisten-brandenburg.de\/reservistenkameradschaften\/informationen\/militaerische-ausbildung\/"]}]},{"@type":"ImageObject","inLanguage":"de","@id":"https:\/\/www.reservisten-brandenburg.de\/reservistenkameradschaften\/informationen\/militaerische-ausbildung\/#primaryimage","url":"https:\/\/www.reservisten-brandenburg.de\/reservistenkameradschaften\/wp-content\/uploads\/sites\/9\/2020\/03\/Reservisten_Wald_Patrouille.jpg","contentUrl":"https:\/\/www.reservisten-brandenburg.de\/reservistenkameradschaften\/wp-content\/uploads\/sites\/9\/2020\/03\/Reservisten_Wald_Patrouille.jpg","width":1600,"height":900},{"@type":"BreadcrumbList","@id":"https:\/\/www.reservisten-brandenburg.de\/reservistenkameradschaften\/informationen\/militaerische-ausbildung\/#breadcrumb","itemListElement":[{"@type":"ListItem","position":1,"name":"Startseite","item":"https:\/\/www.reservisten-brandenburg.de\/reservistenkameradschaften\/"},{"@type":"ListItem","position":2,"name":"Arbeitshilfe f\u00fcr RK-Vorst\u00e4nde","item":"https:\/\/www.reservisten-brandenburg.de\/reservistenkameradschaften\/informationen\/"},{"@type":"ListItem","position":3,"name":"Milit\u00e4rische Ausbildung"}]},{"@type":"WebSite","@id":"https:\/\/www.reservisten-brandenburg.de\/reservistenkameradschaften\/#website","url":"https:\/\/www.reservisten-brandenburg.de\/reservistenkameradschaften\/","name":"Die Reserve vor Ort","description":"Eine weitere Reservistenverband Brandenburg - Websites Website","publisher":{"@id":"https:\/\/www.reservisten-brandenburg.de\/reservistenkameradschaften\/#organization"},"potentialAction":[{"@type":"SearchAction","target":{"@type":"EntryPoint","urlTemplate":"https:\/\/www.reservisten-brandenburg.de\/reservistenkameradschaften\/?s={search_term_string}"},"query-input":{"@type":"PropertyValueSpecification","valueRequired":true,"valueName":"search_term_string"}}],"inLanguage":"de"},{"@type":"Organization","@id":"https:\/\/www.reservisten-brandenburg.de\/reservistenkameradschaften\/#organization","name":"Reservistenverband Brandenburg","url":"https:\/\/www.reservisten-brandenburg.de\/reservistenkameradschaften\/","logo":{"@type":"ImageObject","inLanguage":"de","@id":"https:\/\/www.reservisten-brandenburg.de\/reservistenkameradschaften\/#\/schema\/logo\/image\/","url":"","contentUrl":"","caption":"Reservistenverband Brandenburg"},"image":{"@id":"https:\/\/www.reservisten-brandenburg.de\/reservistenkameradschaften\/#\/schema\/logo\/image\/"},"sameAs":["https:\/\/www.facebook.com\/reservisten.brandenburg\/","https:\/\/x.com\/ResBrandenburg","https:\/\/www.youtube.com\/channel\/UC30IySNYu79rnI6_89Sdf_A","https:\/\/de.wikipedia.org\/wiki\/Verband_der_Reservisten_der_Deutschen_Bundeswehr"]}]}},"_links":{"self":[{"href":"https:\/\/www.reservisten-brandenburg.de\/reservistenkameradschaften\/wp-json\/wp\/v2\/pages\/161","targetHints":{"allow":["GET"]}}],"collection":[{"href":"https:\/\/www.reservisten-brandenburg.de\/reservistenkameradschaften\/wp-json\/wp\/v2\/pages"}],"about":[{"href":"https:\/\/www.reservisten-brandenburg.de\/reservistenkameradschaften\/wp-json\/wp\/v2\/types\/page"}],"author":[{"embeddable":true,"href":"https:\/\/www.reservisten-brandenburg.de\/reservistenkameradschaften\/wp-json\/wp\/v2\/users\/12"}],"replies":[{"embeddable":true,"href":"https:\/\/www.reservisten-brandenburg.de\/reservistenkameradschaften\/wp-json\/wp\/v2\/comments?post=161"}],"version-history":[{"count":0,"href":"https:\/\/www.reservisten-brandenburg.de\/reservistenkameradschaften\/wp-json\/wp\/v2\/pages\/161\/revisions"}],"up":[{"embeddable":true,"href":"https:\/\/www.reservisten-brandenburg.de\/reservistenkameradschaften\/wp-json\/wp\/v2\/pages\/55"}],"wp:featuredmedia":[{"embeddable":true,"href":"https:\/\/www.reservisten-brandenburg.de\/reservistenkameradschaften\/wp-json\/wp\/v2\/media\/162"}],"wp:attachment":[{"href":"https:\/\/www.reservisten-brandenburg.de\/reservistenkameradschaften\/wp-json\/wp\/v2\/media?parent=161"}],"curies":[{"name":"wp","href":"https:\/\/api.w.org\/{rel}","templated":true}]}}