{"id":144,"date":"2020-03-24T10:43:46","date_gmt":"2020-03-24T09:43:46","guid":{"rendered":"https:\/\/www.reservisten-brandenburg.de\/reservistenkameradschaften\/?page_id=144"},"modified":"2020-03-28T12:09:12","modified_gmt":"2020-03-28T11:09:12","slug":"mitgliedsbeitrag","status":"publish","type":"page","link":"https:\/\/www.reservisten-brandenburg.de\/reservistenkameradschaften\/informationen\/mitgliedsbeitrag\/","title":{"rendered":"Mitgliedsbeitrag und deren Verteilung"},"content":{"rendered":"\n<h3 class=\"wp-block-heading\">Beitragszahlung<\/h3>\n\n\n\n<p>Der Mitgliedsbeitrag in H\u00f6he von aktuell 30 Euro wird entweder direkt vom Konto der Mitglieder abgebucht oder ist durch diese unaufgefordert zum Beginn eines Jahres zu zahlen. Die Bankverbindung ist im <a rel=\"noreferrer noopener\" aria-label=\"Impressum (\u00f6ffnet in neuem Tab)\" href=\"https:\/\/www.reservistenverband.de\/impressum\/\" target=\"_blank\">Impressum<\/a> des Reservistenverbandes hinterlegt. Wenden Sie sich bei Unklarheiten bzgl. des Beitrages, Fragen zu bestehenden R\u00fcckst\u00e4nden oder nicht verbuchten Einzahlungen an die <a rel=\"noreferrer noopener\" aria-label=\"zust\u00e4ndige Gesch\u00e4ftsstelle (\u00f6ffnet in neuem Tab)\" href=\"https:\/\/www.reservisten-brandenburg.de\/die-landesgruppe\/geschaeftsstellen\/\" target=\"_blank\">zust\u00e4ndige Gesch\u00e4ftsstelle<\/a>.<\/p>\n\n\n\n<h3 class=\"wp-block-heading\">Beitragsverteilung<\/h3>\n\n\n\n<p>Der Mitgliedsbeitrag wird auf die Bundes-, Landes- und RK-Ebene verteilt. Die Bundesabgabe betr\u00e4gt 12,50 Euro. Mit Ihr werden u.a. die Kosten f\u00fcr das <a rel=\"noreferrer noopener\" aria-label=\"Magazin Loyal (\u00f6ffnet in neuem Tab)\" href=\"https:\/\/www.reservisten-brandenburg.de\/presse\/magazin-loyal\/\" target=\"_blank\">Magazin Loyal<\/a> und zentrale Ma\u00dfnahmen auf Bundesebene finanziert.<\/p>\n\n\n\n<p>Die Verteilung innerhalb der Landesgruppe wird durch den <a href=\"https:\/\/www.reservisten-brandenburg.de\/reservistenkameradschaften\/termine\/\">erweiterten Landesvorstand<\/a> beschlossen. Die Landesgruppe erh\u00e4lt pro Mitglied 5,50 Euro. Davon werden u.a. Ausgaben f\u00fcr milit\u00e4rische Ausbildungen, Sicherheitspolitische Veranstaltungen oder \u00d6ffentlichkeitsarbeit finanziert, die auch wieder den RKen und Ihren Mitgliedern zugutekommen. Mit den verbleibenden 12,00 Euro geht der gr\u00f6\u00dfte Teil innerhalb der Landesgruppe an die Reservistenkameradschaften. <\/p>\n\n\n\n<h3 class=\"wp-block-heading\">Beitragsschulden<\/h3>\n\n\n\n<p>Mitglieder mit offenen Beitr\u00e4gen werden in verschiedenen Formen auf die offene Beitragschuld hingewiesen. Der Fehlbetrag wird Ihren RKen vom Beitragsr\u00fccklauf abgezogen. Des bedeutet, dass der RK anstatt 12,00 Euro Beitragsr\u00fcckfluss zu erhalten, 12,50 Euro Bundesabgabe und die 5,50 Euro f\u00fcr die Landesgruppe abgezogen wird. Der RK hat also einen Fehlbetrag von 30,00 Euro. Unterst\u00fctzen Sie Ihre RK indem Sie rechtzeitig Ihren Beitrag \u00fcberweise oder eine Einzugserm\u00e4chtigung erteilen. Au\u00dferdem reduziert dies die Arbeit in den ehrenamtlichen RK-Vorst\u00e4nden und beim Landesschatzmeister. <\/p>\n\n\n\n<p>Die Nichtzahlung von Mitgliedsbeitr\u00e4gen ist unkameradschaftlich und belastet die Reservistenkameradschaften. Sprechen Sie in besonderen H\u00e4rtef\u00e4llen fr\u00fchzeitig mit Ihrem RK-Vorsitzenden. Daher werden Beitragsschuldner im Regelfall zum Ende eines Jahres durch den erweiterten Landesvorstand ausgeschlossen, um weiteren Schaden vom Verband und den RKen abzuwenden. Die Beitragsschulden bleiben weiterhin bestehen. <\/p>\n","protected":false},"excerpt":{"rendered":"<p>Beitragszahlung Der Mitgliedsbeitrag in H\u00f6he von aktuell 30 Euro wird entweder direkt vom Konto der Mitglieder abgebucht oder ist durch diese unaufgefordert zum Beginn eines Jahres zu zahlen. Die Bankverbindung [&hellip;]<\/p>\n","protected":false},"author":12,"featured_media":39,"parent":55,"menu_order":0,"comment_status":"closed","ping_status":"closed","template":"","meta":{"footnotes":""},"class_list":["post-144","page","type-page","status-publish","has-post-thumbnail","hentry"],"yoast_head":"<!-- This site is optimized with the Yoast SEO plugin v27.3 - https:\/\/yoast.com\/product\/yoast-seo-wordpress\/ -->\n<title>Mitgliedsbeitrag und deren Verteilung - Die Reserve vor Ort<\/title>\n<meta name=\"robots\" content=\"index, follow, max-snippet:-1, max-image-preview:large, max-video-preview:-1\" \/>\n<link rel=\"canonical\" href=\"https:\/\/www.reservisten-brandenburg.de\/reservistenkameradschaften\/informationen\/mitgliedsbeitrag\/\" \/>\n<meta property=\"og:locale\" content=\"de_DE\" \/>\n<meta property=\"og:type\" content=\"article\" \/>\n<meta property=\"og:title\" content=\"Mitgliedsbeitrag und deren Verteilung - Die Reserve vor Ort\" \/>\n<meta property=\"og:description\" content=\"Beitragszahlung Der Mitgliedsbeitrag in H\u00f6he von aktuell 30 Euro wird entweder direkt vom Konto der Mitglieder abgebucht oder ist durch diese unaufgefordert zum Beginn eines Jahres zu zahlen. Die Bankverbindung [&hellip;]\" \/>\n<meta property=\"og:url\" content=\"https:\/\/www.reservisten-brandenburg.de\/reservistenkameradschaften\/informationen\/mitgliedsbeitrag\/\" \/>\n<meta property=\"og:site_name\" content=\"Die Reserve vor Ort\" \/>\n<meta property=\"article:publisher\" content=\"https:\/\/www.facebook.com\/reservisten.brandenburg\/\" \/>\n<meta property=\"article:modified_time\" content=\"2020-03-28T11:09:12+00:00\" \/>\n<meta property=\"og:image\" content=\"https:\/\/www.reservisten-brandenburg.de\/reservistenkameradschaften\/wp-content\/uploads\/sites\/9\/2020\/03\/Banner_LG-Brandenburg.jpg\" \/>\n\t<meta property=\"og:image:width\" content=\"1283\" \/>\n\t<meta property=\"og:image:height\" content=\"464\" \/>\n\t<meta property=\"og:image:type\" content=\"image\/jpeg\" \/>\n<meta name=\"twitter:card\" content=\"summary_large_image\" \/>\n<meta name=\"twitter:site\" content=\"@ResBrandenburg\" \/>\n<meta name=\"twitter:label1\" content=\"Gesch\u00e4tzte Lesezeit\" \/>\n\t<meta name=\"twitter:data1\" content=\"1\u00a0Minute\" \/>\n<script type=\"application\/ld+json\" class=\"yoast-schema-graph\">{\"@context\":\"https:\\\/\\\/schema.org\",\"@graph\":[{\"@type\":\"WebPage\",\"@id\":\"https:\\\/\\\/www.reservisten-brandenburg.de\\\/reservistenkameradschaften\\\/informationen\\\/mitgliedsbeitrag\\\/\",\"url\":\"https:\\\/\\\/www.reservisten-brandenburg.de\\\/reservistenkameradschaften\\\/informationen\\\/mitgliedsbeitrag\\\/\",\"name\":\"Mitgliedsbeitrag und deren Verteilung - Die Reserve vor Ort\",\"isPartOf\":{\"@id\":\"https:\\\/\\\/www.reservisten-brandenburg.de\\\/reservistenkameradschaften\\\/#website\"},\"primaryImageOfPage\":{\"@id\":\"https:\\\/\\\/www.reservisten-brandenburg.de\\\/reservistenkameradschaften\\\/informationen\\\/mitgliedsbeitrag\\\/#primaryimage\"},\"image\":{\"@id\":\"https:\\\/\\\/www.reservisten-brandenburg.de\\\/reservistenkameradschaften\\\/informationen\\\/mitgliedsbeitrag\\\/#primaryimage\"},\"thumbnailUrl\":\"https:\\\/\\\/www.reservisten-brandenburg.de\\\/reservistenkameradschaften\\\/wp-content\\\/uploads\\\/sites\\\/9\\\/2020\\\/03\\\/Banner_LG-Brandenburg.jpg\",\"datePublished\":\"2020-03-24T09:43:46+00:00\",\"dateModified\":\"2020-03-28T11:09:12+00:00\",\"breadcrumb\":{\"@id\":\"https:\\\/\\\/www.reservisten-brandenburg.de\\\/reservistenkameradschaften\\\/informationen\\\/mitgliedsbeitrag\\\/#breadcrumb\"},\"inLanguage\":\"de\",\"potentialAction\":[{\"@type\":\"ReadAction\",\"target\":[\"https:\\\/\\\/www.reservisten-brandenburg.de\\\/reservistenkameradschaften\\\/informationen\\\/mitgliedsbeitrag\\\/\"]}]},{\"@type\":\"ImageObject\",\"inLanguage\":\"de\",\"@id\":\"https:\\\/\\\/www.reservisten-brandenburg.de\\\/reservistenkameradschaften\\\/informationen\\\/mitgliedsbeitrag\\\/#primaryimage\",\"url\":\"https:\\\/\\\/www.reservisten-brandenburg.de\\\/reservistenkameradschaften\\\/wp-content\\\/uploads\\\/sites\\\/9\\\/2020\\\/03\\\/Banner_LG-Brandenburg.jpg\",\"contentUrl\":\"https:\\\/\\\/www.reservisten-brandenburg.de\\\/reservistenkameradschaften\\\/wp-content\\\/uploads\\\/sites\\\/9\\\/2020\\\/03\\\/Banner_LG-Brandenburg.jpg\",\"width\":1283,\"height\":464},{\"@type\":\"BreadcrumbList\",\"@id\":\"https:\\\/\\\/www.reservisten-brandenburg.de\\\/reservistenkameradschaften\\\/informationen\\\/mitgliedsbeitrag\\\/#breadcrumb\",\"itemListElement\":[{\"@type\":\"ListItem\",\"position\":1,\"name\":\"Startseite\",\"item\":\"https:\\\/\\\/www.reservisten-brandenburg.de\\\/reservistenkameradschaften\\\/\"},{\"@type\":\"ListItem\",\"position\":2,\"name\":\"Arbeitshilfe f\u00fcr RK-Vorst\u00e4nde\",\"item\":\"https:\\\/\\\/www.reservisten-brandenburg.de\\\/reservistenkameradschaften\\\/informationen\\\/\"},{\"@type\":\"ListItem\",\"position\":3,\"name\":\"Mitgliedsbeitrag und deren Verteilung\"}]},{\"@type\":\"WebSite\",\"@id\":\"https:\\\/\\\/www.reservisten-brandenburg.de\\\/reservistenkameradschaften\\\/#website\",\"url\":\"https:\\\/\\\/www.reservisten-brandenburg.de\\\/reservistenkameradschaften\\\/\",\"name\":\"Die Reserve vor Ort\",\"description\":\"Eine weitere Reservistenverband Brandenburg - Websites Website\",\"publisher\":{\"@id\":\"https:\\\/\\\/www.reservisten-brandenburg.de\\\/reservistenkameradschaften\\\/#organization\"},\"potentialAction\":[{\"@type\":\"SearchAction\",\"target\":{\"@type\":\"EntryPoint\",\"urlTemplate\":\"https:\\\/\\\/www.reservisten-brandenburg.de\\\/reservistenkameradschaften\\\/?s={search_term_string}\"},\"query-input\":{\"@type\":\"PropertyValueSpecification\",\"valueRequired\":true,\"valueName\":\"search_term_string\"}}],\"inLanguage\":\"de\"},{\"@type\":\"Organization\",\"@id\":\"https:\\\/\\\/www.reservisten-brandenburg.de\\\/reservistenkameradschaften\\\/#organization\",\"name\":\"Reservistenverband Brandenburg\",\"url\":\"https:\\\/\\\/www.reservisten-brandenburg.de\\\/reservistenkameradschaften\\\/\",\"logo\":{\"@type\":\"ImageObject\",\"inLanguage\":\"de\",\"@id\":\"https:\\\/\\\/www.reservisten-brandenburg.de\\\/reservistenkameradschaften\\\/#\\\/schema\\\/logo\\\/image\\\/\",\"url\":\"\",\"contentUrl\":\"\",\"caption\":\"Reservistenverband Brandenburg\"},\"image\":{\"@id\":\"https:\\\/\\\/www.reservisten-brandenburg.de\\\/reservistenkameradschaften\\\/#\\\/schema\\\/logo\\\/image\\\/\"},\"sameAs\":[\"https:\\\/\\\/www.facebook.com\\\/reservisten.brandenburg\\\/\",\"https:\\\/\\\/x.com\\\/ResBrandenburg\",\"https:\\\/\\\/www.youtube.com\\\/channel\\\/UC30IySNYu79rnI6_89Sdf_A\",\"https:\\\/\\\/de.wikipedia.org\\\/wiki\\\/Verband_der_Reservisten_der_Deutschen_Bundeswehr\"]}]}<\/script>\n<!-- \/ Yoast SEO plugin. -->","yoast_head_json":{"title":"Mitgliedsbeitrag und deren Verteilung - Die Reserve vor Ort","robots":{"index":"index","follow":"follow","max-snippet":"max-snippet:-1","max-image-preview":"max-image-preview:large","max-video-preview":"max-video-preview:-1"},"canonical":"https:\/\/www.reservisten-brandenburg.de\/reservistenkameradschaften\/informationen\/mitgliedsbeitrag\/","og_locale":"de_DE","og_type":"article","og_title":"Mitgliedsbeitrag und deren Verteilung - Die Reserve vor Ort","og_description":"Beitragszahlung Der Mitgliedsbeitrag in H\u00f6he von aktuell 30 Euro wird entweder direkt vom Konto der Mitglieder abgebucht oder ist durch diese unaufgefordert zum Beginn eines Jahres zu zahlen. Die Bankverbindung [&hellip;]","og_url":"https:\/\/www.reservisten-brandenburg.de\/reservistenkameradschaften\/informationen\/mitgliedsbeitrag\/","og_site_name":"Die Reserve vor Ort","article_publisher":"https:\/\/www.facebook.com\/reservisten.brandenburg\/","article_modified_time":"2020-03-28T11:09:12+00:00","og_image":[{"width":1283,"height":464,"url":"https:\/\/www.reservisten-brandenburg.de\/reservistenkameradschaften\/wp-content\/uploads\/sites\/9\/2020\/03\/Banner_LG-Brandenburg.jpg","type":"image\/jpeg"}],"twitter_card":"summary_large_image","twitter_site":"@ResBrandenburg","twitter_misc":{"Gesch\u00e4tzte Lesezeit":"1\u00a0Minute"},"schema":{"@context":"https:\/\/schema.org","@graph":[{"@type":"WebPage","@id":"https:\/\/www.reservisten-brandenburg.de\/reservistenkameradschaften\/informationen\/mitgliedsbeitrag\/","url":"https:\/\/www.reservisten-brandenburg.de\/reservistenkameradschaften\/informationen\/mitgliedsbeitrag\/","name":"Mitgliedsbeitrag und deren Verteilung - Die Reserve vor Ort","isPartOf":{"@id":"https:\/\/www.reservisten-brandenburg.de\/reservistenkameradschaften\/#website"},"primaryImageOfPage":{"@id":"https:\/\/www.reservisten-brandenburg.de\/reservistenkameradschaften\/informationen\/mitgliedsbeitrag\/#primaryimage"},"image":{"@id":"https:\/\/www.reservisten-brandenburg.de\/reservistenkameradschaften\/informationen\/mitgliedsbeitrag\/#primaryimage"},"thumbnailUrl":"https:\/\/www.reservisten-brandenburg.de\/reservistenkameradschaften\/wp-content\/uploads\/sites\/9\/2020\/03\/Banner_LG-Brandenburg.jpg","datePublished":"2020-03-24T09:43:46+00:00","dateModified":"2020-03-28T11:09:12+00:00","breadcrumb":{"@id":"https:\/\/www.reservisten-brandenburg.de\/reservistenkameradschaften\/informationen\/mitgliedsbeitrag\/#breadcrumb"},"inLanguage":"de","potentialAction":[{"@type":"ReadAction","target":["https:\/\/www.reservisten-brandenburg.de\/reservistenkameradschaften\/informationen\/mitgliedsbeitrag\/"]}]},{"@type":"ImageObject","inLanguage":"de","@id":"https:\/\/www.reservisten-brandenburg.de\/reservistenkameradschaften\/informationen\/mitgliedsbeitrag\/#primaryimage","url":"https:\/\/www.reservisten-brandenburg.de\/reservistenkameradschaften\/wp-content\/uploads\/sites\/9\/2020\/03\/Banner_LG-Brandenburg.jpg","contentUrl":"https:\/\/www.reservisten-brandenburg.de\/reservistenkameradschaften\/wp-content\/uploads\/sites\/9\/2020\/03\/Banner_LG-Brandenburg.jpg","width":1283,"height":464},{"@type":"BreadcrumbList","@id":"https:\/\/www.reservisten-brandenburg.de\/reservistenkameradschaften\/informationen\/mitgliedsbeitrag\/#breadcrumb","itemListElement":[{"@type":"ListItem","position":1,"name":"Startseite","item":"https:\/\/www.reservisten-brandenburg.de\/reservistenkameradschaften\/"},{"@type":"ListItem","position":2,"name":"Arbeitshilfe f\u00fcr RK-Vorst\u00e4nde","item":"https:\/\/www.reservisten-brandenburg.de\/reservistenkameradschaften\/informationen\/"},{"@type":"ListItem","position":3,"name":"Mitgliedsbeitrag und deren Verteilung"}]},{"@type":"WebSite","@id":"https:\/\/www.reservisten-brandenburg.de\/reservistenkameradschaften\/#website","url":"https:\/\/www.reservisten-brandenburg.de\/reservistenkameradschaften\/","name":"Die Reserve vor Ort","description":"Eine weitere Reservistenverband Brandenburg - Websites Website","publisher":{"@id":"https:\/\/www.reservisten-brandenburg.de\/reservistenkameradschaften\/#organization"},"potentialAction":[{"@type":"SearchAction","target":{"@type":"EntryPoint","urlTemplate":"https:\/\/www.reservisten-brandenburg.de\/reservistenkameradschaften\/?s={search_term_string}"},"query-input":{"@type":"PropertyValueSpecification","valueRequired":true,"valueName":"search_term_string"}}],"inLanguage":"de"},{"@type":"Organization","@id":"https:\/\/www.reservisten-brandenburg.de\/reservistenkameradschaften\/#organization","name":"Reservistenverband Brandenburg","url":"https:\/\/www.reservisten-brandenburg.de\/reservistenkameradschaften\/","logo":{"@type":"ImageObject","inLanguage":"de","@id":"https:\/\/www.reservisten-brandenburg.de\/reservistenkameradschaften\/#\/schema\/logo\/image\/","url":"","contentUrl":"","caption":"Reservistenverband Brandenburg"},"image":{"@id":"https:\/\/www.reservisten-brandenburg.de\/reservistenkameradschaften\/#\/schema\/logo\/image\/"},"sameAs":["https:\/\/www.facebook.com\/reservisten.brandenburg\/","https:\/\/x.com\/ResBrandenburg","https:\/\/www.youtube.com\/channel\/UC30IySNYu79rnI6_89Sdf_A","https:\/\/de.wikipedia.org\/wiki\/Verband_der_Reservisten_der_Deutschen_Bundeswehr"]}]}},"_links":{"self":[{"href":"https:\/\/www.reservisten-brandenburg.de\/reservistenkameradschaften\/wp-json\/wp\/v2\/pages\/144","targetHints":{"allow":["GET"]}}],"collection":[{"href":"https:\/\/www.reservisten-brandenburg.de\/reservistenkameradschaften\/wp-json\/wp\/v2\/pages"}],"about":[{"href":"https:\/\/www.reservisten-brandenburg.de\/reservistenkameradschaften\/wp-json\/wp\/v2\/types\/page"}],"author":[{"embeddable":true,"href":"https:\/\/www.reservisten-brandenburg.de\/reservistenkameradschaften\/wp-json\/wp\/v2\/users\/12"}],"replies":[{"embeddable":true,"href":"https:\/\/www.reservisten-brandenburg.de\/reservistenkameradschaften\/wp-json\/wp\/v2\/comments?post=144"}],"version-history":[{"count":0,"href":"https:\/\/www.reservisten-brandenburg.de\/reservistenkameradschaften\/wp-json\/wp\/v2\/pages\/144\/revisions"}],"up":[{"embeddable":true,"href":"https:\/\/www.reservisten-brandenburg.de\/reservistenkameradschaften\/wp-json\/wp\/v2\/pages\/55"}],"wp:featuredmedia":[{"embeddable":true,"href":"https:\/\/www.reservisten-brandenburg.de\/reservistenkameradschaften\/wp-json\/wp\/v2\/media\/39"}],"wp:attachment":[{"href":"https:\/\/www.reservisten-brandenburg.de\/reservistenkameradschaften\/wp-json\/wp\/v2\/media?parent=144"}],"curies":[{"name":"wp","href":"https:\/\/api.w.org\/{rel}","templated":true}]}}