{"id":8324,"date":"2022-12-31T17:23:59","date_gmt":"2022-12-31T16:23:59","guid":{"rendered":"https:\/\/www.reservisten-brandenburg.de\/potsdam\/?post_type=tribe_events&#038;p=8324"},"modified":"2023-07-26T00:57:08","modified_gmt":"2023-07-25T22:57:08","slug":"rk-abend-35","status":"publish","type":"tribe_events","link":"https:\/\/www.reservisten-brandenburg.de\/potsdam\/event\/rk-abend-35\/","title":{"rendered":"RK-Abend"},"content":{"rendered":"<p>Der aktuelle RK-Abend wird diesmal in der Liegenschaft des <a href=\"https:\/\/zms.bundeswehr.de\/de\" target=\"_blank\" rel=\"noopener\">Zentrum f\u00fcr Milit\u00e4rgeschichte und Sozialwissenschaften der Bundeswehr (ZMSBw)<\/a> durchgef\u00fchrt. Diese befindet sich an der Zeppelinstra\u00dfe. Dort erhalten wir aus erster Hand einen kurzen Einblick in das ZMSBw und seine Arbeit. Anschlie\u00dfend wird dann gegrillt und im sich im lockeren Gespr\u00e4ch \u00fcber die Reservistenarbeit und anderen Themen ausgetauscht.<\/p>\n<p>Die Online-Anmeldung zum RK-Abend ist erforderlich.<\/p>\n<pre>Achtung: Dieser RK-Abend wird im <a href=\"https:\/\/goo.gl\/maps\/QcRRoewJp8pJkFSU8\" target=\"_blank\" rel=\"noopener\">ZMSBw in der Zeppelinstra\u00dfe<\/a> durchgef\u00fchrt. Anfahrt und parken <a href=\"https:\/\/www.reservisten-brandenburg.de\/potsdam\/wp-content\/uploads\/sites\/3\/2023\/06\/RK_Abend_ZMSBw.jpg\" target=\"_blank\" rel=\"noopener\">siehe Skizze<\/a>. \r\nDer Treffpunkt ist um 19:00 Uhr an der Wache des ZMSBw.<\/pre>\n<p><em>Hinweis: Wer Interesse hat, kann schon um 17:00 Uhr, ganz in der N\u00e4he, die <a href=\"https:\/\/www.reservisten-brandenburg.de\/event\/eine-neue-sicherheitspolitische-strategie-der-bundesregierung\/\" target=\"_blank\" rel=\"noopener\">sicherheitspolitische Veranstaltung am Neuen Palais<\/a> besuchen und im Anschluss gleich den RK-Abend besuchen und sich dann beim Grillen st\u00e4rken.<\/em><\/p>\n","protected":false},"excerpt":{"rendered":"<p>Der aktuelle RK-Abend wird diesmal in der Liegenschaft des Zentrum f\u00fcr Milit\u00e4rgeschichte und Sozialwissenschaften der Bundeswehr (ZMSBw) durchgef\u00fchrt. Diese befindet sich an der Zeppelinstra\u00dfe. Dort erhalten wir aus erster Hand [&hellip;]<\/p>\n","protected":false},"author":12,"featured_media":8105,"template":"","meta":{"_tribe_events_status":"","_tribe_events_status_reason":"","footnotes":""},"tags":[],"tribe_events_cat":[178,174],"class_list":["post-8324","tribe_events","type-tribe_events","status-publish","has-post-thumbnail","hentry","tribe_events_cat-rk-veranstaltung","tribe_events_cat-rk-abend","cat_rk-veranstaltung","cat_rk-abend"],"yoast_head":"<!-- This site is optimized with the Yoast SEO plugin v27.5 - https:\/\/yoast.com\/product\/yoast-seo-wordpress\/ -->\n<title>RK-Abend - Reservistenkameradschaft Potsdam<\/title>\n<meta name=\"robots\" content=\"index, follow, max-snippet:-1, max-image-preview:large, max-video-preview:-1\" \/>\n<link rel=\"canonical\" href=\"https:\/\/www.reservisten-brandenburg.de\/potsdam\/event\/rk-abend-35\/\" \/>\n<meta property=\"og:locale\" content=\"de_DE\" \/>\n<meta property=\"og:type\" content=\"article\" \/>\n<meta property=\"og:title\" content=\"RK-Abend - Reservistenkameradschaft Potsdam\" \/>\n<meta property=\"og:description\" content=\"Der aktuelle RK-Abend wird diesmal in der Liegenschaft des Zentrum f\u00fcr Milit\u00e4rgeschichte und Sozialwissenschaften der Bundeswehr (ZMSBw) durchgef\u00fchrt. Diese befindet sich an der Zeppelinstra\u00dfe. Dort erhalten wir aus erster Hand [&hellip;]\" \/>\n<meta property=\"og:url\" content=\"https:\/\/www.reservisten-brandenburg.de\/potsdam\/event\/rk-abend-35\/\" \/>\n<meta property=\"og:site_name\" content=\"Reservistenkameradschaft Potsdam\" \/>\n<meta property=\"article:publisher\" content=\"https:\/\/www.facebook.com\/rk.grosser.kurfuerst\/\" \/>\n<meta property=\"article:modified_time\" content=\"2023-07-25T22:57:08+00:00\" \/>\n<meta property=\"og:image\" content=\"https:\/\/www.reservisten-brandenburg.de\/potsdam\/wp-content\/uploads\/sites\/3\/2021\/06\/RK-Potsdam_RK-Abend_1Do.jpg\" \/>\n\t<meta property=\"og:image:width\" content=\"1600\" \/>\n\t<meta property=\"og:image:height\" content=\"900\" \/>\n\t<meta property=\"og:image:type\" content=\"image\/jpeg\" \/>\n<meta name=\"twitter:card\" content=\"summary_large_image\" \/>\n<meta name=\"twitter:site\" content=\"@ResPotsdam\" \/>\n<meta name=\"twitter:label1\" content=\"Gesch\u00e4tzte Lesezeit\" \/>\n\t<meta name=\"twitter:data1\" content=\"1\u00a0Minute\" \/>\n<script type=\"application\/ld+json\" class=\"yoast-schema-graph\">{\"@context\":\"https:\\\/\\\/schema.org\",\"@graph\":[{\"@type\":\"WebPage\",\"@id\":\"https:\\\/\\\/www.reservisten-brandenburg.de\\\/potsdam\\\/event\\\/rk-abend-35\\\/\",\"url\":\"https:\\\/\\\/www.reservisten-brandenburg.de\\\/potsdam\\\/event\\\/rk-abend-35\\\/\",\"name\":\"RK-Abend - Reservistenkameradschaft Potsdam\",\"isPartOf\":{\"@id\":\"https:\\\/\\\/www.reservisten-brandenburg.de\\\/potsdam\\\/#website\"},\"primaryImageOfPage\":{\"@id\":\"https:\\\/\\\/www.reservisten-brandenburg.de\\\/potsdam\\\/event\\\/rk-abend-35\\\/#primaryimage\"},\"image\":{\"@id\":\"https:\\\/\\\/www.reservisten-brandenburg.de\\\/potsdam\\\/event\\\/rk-abend-35\\\/#primaryimage\"},\"thumbnailUrl\":\"https:\\\/\\\/www.reservisten-brandenburg.de\\\/potsdam\\\/wp-content\\\/uploads\\\/sites\\\/3\\\/2021\\\/06\\\/RK-Potsdam_RK-Abend_1Do.jpg\",\"datePublished\":\"2022-12-31T16:23:59+00:00\",\"dateModified\":\"2023-07-25T22:57:08+00:00\",\"breadcrumb\":{\"@id\":\"https:\\\/\\\/www.reservisten-brandenburg.de\\\/potsdam\\\/event\\\/rk-abend-35\\\/#breadcrumb\"},\"inLanguage\":\"de\",\"potentialAction\":[{\"@type\":\"ReadAction\",\"target\":[\"https:\\\/\\\/www.reservisten-brandenburg.de\\\/potsdam\\\/event\\\/rk-abend-35\\\/\"]}]},{\"@type\":\"ImageObject\",\"inLanguage\":\"de\",\"@id\":\"https:\\\/\\\/www.reservisten-brandenburg.de\\\/potsdam\\\/event\\\/rk-abend-35\\\/#primaryimage\",\"url\":\"https:\\\/\\\/www.reservisten-brandenburg.de\\\/potsdam\\\/wp-content\\\/uploads\\\/sites\\\/3\\\/2021\\\/06\\\/RK-Potsdam_RK-Abend_1Do.jpg\",\"contentUrl\":\"https:\\\/\\\/www.reservisten-brandenburg.de\\\/potsdam\\\/wp-content\\\/uploads\\\/sites\\\/3\\\/2021\\\/06\\\/RK-Potsdam_RK-Abend_1Do.jpg\",\"width\":1600,\"height\":900},{\"@type\":\"BreadcrumbList\",\"@id\":\"https:\\\/\\\/www.reservisten-brandenburg.de\\\/potsdam\\\/event\\\/rk-abend-35\\\/#breadcrumb\",\"itemListElement\":[{\"@type\":\"ListItem\",\"position\":1,\"name\":\"Startseite\",\"item\":\"https:\\\/\\\/www.reservisten-brandenburg.de\\\/potsdam\\\/\"},{\"@type\":\"ListItem\",\"position\":2,\"name\":\"Veranstaltungen\",\"item\":\"https:\\\/\\\/www.reservisten-brandenburg.de\\\/potsdam\\\/events\\\/\"},{\"@type\":\"ListItem\",\"position\":3,\"name\":\"RK-Abend\"}]},{\"@type\":\"WebSite\",\"@id\":\"https:\\\/\\\/www.reservisten-brandenburg.de\\\/potsdam\\\/#website\",\"url\":\"https:\\\/\\\/www.reservisten-brandenburg.de\\\/potsdam\\\/\",\"name\":\"Reservistenkameradschaft Potsdam\",\"description\":\"Die Reserve in Potsdam\",\"potentialAction\":[{\"@type\":\"SearchAction\",\"target\":{\"@type\":\"EntryPoint\",\"urlTemplate\":\"https:\\\/\\\/www.reservisten-brandenburg.de\\\/potsdam\\\/?s={search_term_string}\"},\"query-input\":{\"@type\":\"PropertyValueSpecification\",\"valueRequired\":true,\"valueName\":\"search_term_string\"}}],\"inLanguage\":\"de\"}]}<\/script>\n<!-- \/ Yoast SEO plugin. -->","yoast_head_json":{"title":"RK-Abend - Reservistenkameradschaft Potsdam","robots":{"index":"index","follow":"follow","max-snippet":"max-snippet:-1","max-image-preview":"max-image-preview:large","max-video-preview":"max-video-preview:-1"},"canonical":"https:\/\/www.reservisten-brandenburg.de\/potsdam\/event\/rk-abend-35\/","og_locale":"de_DE","og_type":"article","og_title":"RK-Abend - Reservistenkameradschaft Potsdam","og_description":"Der aktuelle RK-Abend wird diesmal in der Liegenschaft des Zentrum f\u00fcr Milit\u00e4rgeschichte und Sozialwissenschaften der Bundeswehr (ZMSBw) durchgef\u00fchrt. Diese befindet sich an der Zeppelinstra\u00dfe. Dort erhalten wir aus erster Hand [&hellip;]","og_url":"https:\/\/www.reservisten-brandenburg.de\/potsdam\/event\/rk-abend-35\/","og_site_name":"Reservistenkameradschaft Potsdam","article_publisher":"https:\/\/www.facebook.com\/rk.grosser.kurfuerst\/","article_modified_time":"2023-07-25T22:57:08+00:00","og_image":[{"width":1600,"height":900,"url":"https:\/\/www.reservisten-brandenburg.de\/potsdam\/wp-content\/uploads\/sites\/3\/2021\/06\/RK-Potsdam_RK-Abend_1Do.jpg","type":"image\/jpeg"}],"twitter_card":"summary_large_image","twitter_site":"@ResPotsdam","twitter_misc":{"Gesch\u00e4tzte Lesezeit":"1\u00a0Minute"},"schema":{"@context":"https:\/\/schema.org","@graph":[{"@type":"WebPage","@id":"https:\/\/www.reservisten-brandenburg.de\/potsdam\/event\/rk-abend-35\/","url":"https:\/\/www.reservisten-brandenburg.de\/potsdam\/event\/rk-abend-35\/","name":"RK-Abend - Reservistenkameradschaft Potsdam","isPartOf":{"@id":"https:\/\/www.reservisten-brandenburg.de\/potsdam\/#website"},"primaryImageOfPage":{"@id":"https:\/\/www.reservisten-brandenburg.de\/potsdam\/event\/rk-abend-35\/#primaryimage"},"image":{"@id":"https:\/\/www.reservisten-brandenburg.de\/potsdam\/event\/rk-abend-35\/#primaryimage"},"thumbnailUrl":"https:\/\/www.reservisten-brandenburg.de\/potsdam\/wp-content\/uploads\/sites\/3\/2021\/06\/RK-Potsdam_RK-Abend_1Do.jpg","datePublished":"2022-12-31T16:23:59+00:00","dateModified":"2023-07-25T22:57:08+00:00","breadcrumb":{"@id":"https:\/\/www.reservisten-brandenburg.de\/potsdam\/event\/rk-abend-35\/#breadcrumb"},"inLanguage":"de","potentialAction":[{"@type":"ReadAction","target":["https:\/\/www.reservisten-brandenburg.de\/potsdam\/event\/rk-abend-35\/"]}]},{"@type":"ImageObject","inLanguage":"de","@id":"https:\/\/www.reservisten-brandenburg.de\/potsdam\/event\/rk-abend-35\/#primaryimage","url":"https:\/\/www.reservisten-brandenburg.de\/potsdam\/wp-content\/uploads\/sites\/3\/2021\/06\/RK-Potsdam_RK-Abend_1Do.jpg","contentUrl":"https:\/\/www.reservisten-brandenburg.de\/potsdam\/wp-content\/uploads\/sites\/3\/2021\/06\/RK-Potsdam_RK-Abend_1Do.jpg","width":1600,"height":900},{"@type":"BreadcrumbList","@id":"https:\/\/www.reservisten-brandenburg.de\/potsdam\/event\/rk-abend-35\/#breadcrumb","itemListElement":[{"@type":"ListItem","position":1,"name":"Startseite","item":"https:\/\/www.reservisten-brandenburg.de\/potsdam\/"},{"@type":"ListItem","position":2,"name":"Veranstaltungen","item":"https:\/\/www.reservisten-brandenburg.de\/potsdam\/events\/"},{"@type":"ListItem","position":3,"name":"RK-Abend"}]},{"@type":"WebSite","@id":"https:\/\/www.reservisten-brandenburg.de\/potsdam\/#website","url":"https:\/\/www.reservisten-brandenburg.de\/potsdam\/","name":"Reservistenkameradschaft Potsdam","description":"Die Reserve in Potsdam","potentialAction":[{"@type":"SearchAction","target":{"@type":"EntryPoint","urlTemplate":"https:\/\/www.reservisten-brandenburg.de\/potsdam\/?s={search_term_string}"},"query-input":{"@type":"PropertyValueSpecification","valueRequired":true,"valueName":"search_term_string"}}],"inLanguage":"de"}]}},"_links":{"self":[{"href":"https:\/\/www.reservisten-brandenburg.de\/potsdam\/wp-json\/wp\/v2\/tribe_events\/8324","targetHints":{"allow":["GET"]}}],"collection":[{"href":"https:\/\/www.reservisten-brandenburg.de\/potsdam\/wp-json\/wp\/v2\/tribe_events"}],"about":[{"href":"https:\/\/www.reservisten-brandenburg.de\/potsdam\/wp-json\/wp\/v2\/types\/tribe_events"}],"author":[{"embeddable":true,"href":"https:\/\/www.reservisten-brandenburg.de\/potsdam\/wp-json\/wp\/v2\/users\/12"}],"version-history":[{"count":0,"href":"https:\/\/www.reservisten-brandenburg.de\/potsdam\/wp-json\/wp\/v2\/tribe_events\/8324\/revisions"}],"wp:featuredmedia":[{"embeddable":true,"href":"https:\/\/www.reservisten-brandenburg.de\/potsdam\/wp-json\/wp\/v2\/media\/8105"}],"wp:attachment":[{"href":"https:\/\/www.reservisten-brandenburg.de\/potsdam\/wp-json\/wp\/v2\/media?parent=8324"}],"wp:term":[{"taxonomy":"post_tag","embeddable":true,"href":"https:\/\/www.reservisten-brandenburg.de\/potsdam\/wp-json\/wp\/v2\/tags?post=8324"},{"taxonomy":"tribe_events_cat","embeddable":true,"href":"https:\/\/www.reservisten-brandenburg.de\/potsdam\/wp-json\/wp\/v2\/tribe_events_cat?post=8324"}],"curies":[{"name":"wp","href":"https:\/\/api.w.org\/{rel}","templated":true}]}}

<p>Der aktuelle RK-Abend wird diesmal in der Liegenschaft des <a href="https://zms.bundeswehr.de/de" target="_blank" rel="noopener">Zentrum für Militärgeschichte und Sozialwissenschaften der Bundeswehr (ZMSBw)</a> durchgeführt. Diese befindet sich an der Zeppelinstraße. Dort erhalten wir aus erster Hand einen kurzen Einblick in das ZMSBw und seine Arbeit. Anschließend wird dann gegrillt und im sich im lockeren Gespräch über die Reservistenarbeit und anderen Themen ausgetauscht.</p>
<p>Die Online-Anmeldung zum RK-Abend ist erforderlich.</p>
<pre>Achtung: Dieser RK-Abend wird im <a href="https://goo.gl/maps/QcRRoewJp8pJkFSU8" target="_blank" rel="noopener">ZMSBw in der Zeppelinstraße</a> durchgeführt. Anfahrt und parken <a href="https://www.reservisten-brandenburg.de/potsdam/wp-content/uploads/sites/3/2023/06/RK_Abend_ZMSBw.jpg" target="_blank" rel="noopener">siehe Skizze</a>. 
Der Treffpunkt ist um 19:00 Uhr an der Wache des ZMSBw.</pre>
<p><em>Hinweis: Wer Interesse hat, kann schon um 17:00 Uhr, ganz in der Nähe, die <a href="https://www.reservisten-brandenburg.de/event/eine-neue-sicherheitspolitische-strategie-der-bundesregierung/" target="_blank" rel="noopener">sicherheitspolitische Veranstaltung am Neuen Palais</a> besuchen und im Anschluss gleich den RK-Abend besuchen und sich dann beim Grillen stärken.</em></p>

<p>Der aktuelle RK-Abend wird diesmal in der Liegenschaft des Zentrum für Militärgeschichte und Sozialwissenschaften der Bundeswehr (ZMSBw) durchgeführt. Diese befindet sich an der Zeppelinstraße. Dort erhalten wir aus erster Hand [&hellip;]</p>

<!-- This site is optimized with the Yoast SEO plugin v27.5 - https://yoast.com/product/yoast-seo-wordpress/ -->
<title>RK-Abend - Reservistenkameradschaft Potsdam</title>
<meta name="robots" content="index, follow, max-snippet:-1, max-image-preview:large, max-video-preview:-1" />
<link rel="canonical" href="https://www.reservisten-brandenburg.de/potsdam/event/rk-abend-35/" />
<meta property="og:locale" content="de_DE" />
<meta property="og:type" content="article" />
<meta property="og:title" content="RK-Abend - Reservistenkameradschaft Potsdam" />
<meta property="og:description" content="Der aktuelle RK-Abend wird diesmal in der Liegenschaft des Zentrum für Militärgeschichte und Sozialwissenschaften der Bundeswehr (ZMSBw) durchgeführt. Diese befindet sich an der Zeppelinstraße. Dort erhalten wir aus erster Hand [&hellip;]" />
<meta property="og:url" content="https://www.reservisten-brandenburg.de/potsdam/event/rk-abend-35/" />
<meta property="og:site_name" content="Reservistenkameradschaft Potsdam" />
<meta property="article:publisher" content="https://www.facebook.com/rk.grosser.kurfuerst/" />
<meta property="article:modified_time" content="2023-07-25T22:57:08+00:00" />
<meta property="og:image" content="https://www.reservisten-brandenburg.de/potsdam/wp-content/uploads/sites/3/2021/06/RK-Potsdam_RK-Abend_1Do.jpg" />
	<meta property="og:image:width" content="1600" />
	<meta property="og:image:height" content="900" />
	<meta property="og:image:type" content="image/jpeg" />
<meta name="twitter:card" content="summary_large_image" />
<meta name="twitter:site" content="@ResPotsdam" />
<meta name="twitter:label1" content="Geschätzte Lesezeit" />
	<meta name="twitter:data1" content="1 Minute" />
<script type="application/ld+json" class="yoast-schema-graph">{"@context":"https:\/\/schema.org","@graph":[{"@type":"WebPage","@id":"https:\/\/www.reservisten-brandenburg.de\/potsdam\/event\/rk-abend-35\/","url":"https:\/\/www.reservisten-brandenburg.de\/potsdam\/event\/rk-abend-35\/","name":"RK-Abend - Reservistenkameradschaft Potsdam","isPartOf":{"@id":"https:\/\/www.reservisten-brandenburg.de\/potsdam\/#website"},"primaryImageOfPage":{"@id":"https:\/\/www.reservisten-brandenburg.de\/potsdam\/event\/rk-abend-35\/#primaryimage"},"image":{"@id":"https:\/\/www.reservisten-brandenburg.de\/potsdam\/event\/rk-abend-35\/#primaryimage"},"thumbnailUrl":"https:\/\/www.reservisten-brandenburg.de\/potsdam\/wp-content\/uploads\/sites\/3\/2021\/06\/RK-Potsdam_RK-Abend_1Do.jpg","datePublished":"2022-12-31T16:23:59+00:00","dateModified":"2023-07-25T22:57:08+00:00","breadcrumb":{"@id":"https:\/\/www.reservisten-brandenburg.de\/potsdam\/event\/rk-abend-35\/#breadcrumb"},"inLanguage":"de","potentialAction":[{"@type":"ReadAction","target":["https:\/\/www.reservisten-brandenburg.de\/potsdam\/event\/rk-abend-35\/"]}]},{"@type":"ImageObject","inLanguage":"de","@id":"https:\/\/www.reservisten-brandenburg.de\/potsdam\/event\/rk-abend-35\/#primaryimage","url":"https:\/\/www.reservisten-brandenburg.de\/potsdam\/wp-content\/uploads\/sites\/3\/2021\/06\/RK-Potsdam_RK-Abend_1Do.jpg","contentUrl":"https:\/\/www.reservisten-brandenburg.de\/potsdam\/wp-content\/uploads\/sites\/3\/2021\/06\/RK-Potsdam_RK-Abend_1Do.jpg","width":1600,"height":900},{"@type":"BreadcrumbList","@id":"https:\/\/www.reservisten-brandenburg.de\/potsdam\/event\/rk-abend-35\/#breadcrumb","itemListElement":[{"@type":"ListItem","position":1,"name":"Startseite","item":"https:\/\/www.reservisten-brandenburg.de\/potsdam\/"},{"@type":"ListItem","position":2,"name":"Veranstaltungen","item":"https:\/\/www.reservisten-brandenburg.de\/potsdam\/events\/"},{"@type":"ListItem","position":3,"name":"RK-Abend"}]},{"@type":"WebSite","@id":"https:\/\/www.reservisten-brandenburg.de\/potsdam\/#website","url":"https:\/\/www.reservisten-brandenburg.de\/potsdam\/","name":"Reservistenkameradschaft Potsdam","description":"Die Reserve in Potsdam","potentialAction":[{"@type":"SearchAction","target":{"@type":"EntryPoint","urlTemplate":"https:\/\/www.reservisten-brandenburg.de\/potsdam\/?s={search_term_string}"},"query-input":{"@type":"PropertyValueSpecification","valueRequired":true,"valueName":"search_term_string"}}],"inLanguage":"de"}]}</script>
<!-- / Yoast SEO plugin. -->

Der aktuelle RK-Abend wird diesmal in der Liegenschaft des Zentrum für Militärgeschichte und Sozialwissenschaften der Bundeswehr (ZMSBw) durchgeführt. Diese befindet sich an der Zeppelinstraße. Dort erhalten wir aus erster Hand [&hellip;]
