{"id":7854,"date":"2020-10-20T07:29:18","date_gmt":"2020-10-20T05:29:18","guid":{"rendered":"https:\/\/www.reservisten-brandenburg.de\/potsdam\/?post_type=tribe_events&#038;p=7854"},"modified":"2023-11-01T00:55:39","modified_gmt":"2023-10-31T23:55:39","slug":"orientierungsmarsch-bei-tage","status":"publish","type":"tribe_events","link":"https:\/\/www.reservisten-brandenburg.de\/potsdam\/event\/orientierungsmarsch-bei-tage\/","title":{"rendered":"Orientierungsmarsch bei Tage"},"content":{"rendered":"<p><strong>Thema:<\/strong> Orientierungsmarsch der Wettkampfgruppe der RK Potsdam im Forst Potsdam.<\/p>\n<p><strong>Teilnehmer:<\/strong> Reservisten der Wettkampfgruppe. Weitere Teilnehmer ggf. nach R\u00fccksprache bei freier Kapazit\u00e4t m\u00f6glich. Anmeldung erforderlich (auf Warteliste, Freischaltung erfolgt manuell).<\/p>\n<p><strong>Anzug:<\/strong> Feldanzug f\u00fcr Reservisten mit allgm. UTE<\/p>\n","protected":false},"excerpt":{"rendered":"<p>Thema: Orientierungsmarsch der Wettkampfgruppe der RK Potsdam im Forst Potsdam. Teilnehmer: Reservisten der Wettkampfgruppe. Weitere Teilnehmer ggf. nach R\u00fccksprache bei freier Kapazit\u00e4t m\u00f6glich. Anmeldung erforderlich (auf Warteliste, Freischaltung erfolgt manuell). [&hellip;]<\/p>\n","protected":false},"author":12,"featured_media":7232,"template":"","meta":{"_tribe_events_status":"","_tribe_events_status_reason":"","footnotes":""},"tags":[196,198,197],"tribe_events_cat":[189,184,177,185,195],"class_list":["post-7854","tribe_events","type-tribe_events","status-publish","has-post-thumbnail","hentry","tag-orientierungsmarsch","tag-training","tag-wettkampfgruppe","tribe_events_cat-dvag-vvag-ute","tribe_events_cat-marsch","tribe_events_cat-militaerische-ausbildung","tribe_events_cat-wettkampf","tribe_events_cat-wettkampftraining","cat_dvag-vvag-ute","cat_marsch","cat_militaerische-ausbildung","cat_wettkampf","cat_wettkampftraining"],"yoast_head":"<!-- This site is optimized with the Yoast SEO plugin v27.4 - https:\/\/yoast.com\/product\/yoast-seo-wordpress\/ -->\n<title>Orientierungsmarsch bei Tage - Reservistenkameradschaft Potsdam<\/title>\n<meta name=\"robots\" content=\"index, follow, max-snippet:-1, max-image-preview:large, max-video-preview:-1\" \/>\n<link rel=\"canonical\" href=\"https:\/\/www.reservisten-brandenburg.de\/potsdam\/event\/orientierungsmarsch-bei-tage\/\" \/>\n<meta property=\"og:locale\" content=\"de_DE\" \/>\n<meta property=\"og:type\" content=\"article\" \/>\n<meta property=\"og:title\" content=\"Orientierungsmarsch bei Tage - Reservistenkameradschaft Potsdam\" \/>\n<meta property=\"og:description\" content=\"Thema: Orientierungsmarsch der Wettkampfgruppe der RK Potsdam im Forst Potsdam. Teilnehmer: Reservisten der Wettkampfgruppe. Weitere Teilnehmer ggf. nach R\u00fccksprache bei freier Kapazit\u00e4t m\u00f6glich. Anmeldung erforderlich (auf Warteliste, Freischaltung erfolgt manuell). [&hellip;]\" \/>\n<meta property=\"og:url\" content=\"https:\/\/www.reservisten-brandenburg.de\/potsdam\/event\/orientierungsmarsch-bei-tage\/\" \/>\n<meta property=\"og:site_name\" content=\"Reservistenkameradschaft Potsdam\" \/>\n<meta property=\"article:publisher\" content=\"https:\/\/www.facebook.com\/rk.grosser.kurfuerst\/\" \/>\n<meta property=\"article:modified_time\" content=\"2023-10-31T23:55:39+00:00\" \/>\n<meta property=\"og:image\" content=\"https:\/\/www.reservisten-brandenburg.de\/potsdam\/wp-content\/uploads\/sites\/3\/2020\/05\/RK-Potsdam-MG-Munition.jpg\" \/>\n\t<meta property=\"og:image:width\" content=\"1600\" \/>\n\t<meta property=\"og:image:height\" content=\"900\" \/>\n\t<meta property=\"og:image:type\" content=\"image\/jpeg\" \/>\n<meta name=\"twitter:card\" content=\"summary_large_image\" \/>\n<meta name=\"twitter:site\" content=\"@ResPotsdam\" \/>\n<script type=\"application\/ld+json\" class=\"yoast-schema-graph\">{\"@context\":\"https:\\\/\\\/schema.org\",\"@graph\":[{\"@type\":\"WebPage\",\"@id\":\"https:\\\/\\\/www.reservisten-brandenburg.de\\\/potsdam\\\/event\\\/orientierungsmarsch-bei-tage\\\/\",\"url\":\"https:\\\/\\\/www.reservisten-brandenburg.de\\\/potsdam\\\/event\\\/orientierungsmarsch-bei-tage\\\/\",\"name\":\"Orientierungsmarsch bei Tage - Reservistenkameradschaft Potsdam\",\"isPartOf\":{\"@id\":\"https:\\\/\\\/www.reservisten-brandenburg.de\\\/potsdam\\\/#website\"},\"primaryImageOfPage\":{\"@id\":\"https:\\\/\\\/www.reservisten-brandenburg.de\\\/potsdam\\\/event\\\/orientierungsmarsch-bei-tage\\\/#primaryimage\"},\"image\":{\"@id\":\"https:\\\/\\\/www.reservisten-brandenburg.de\\\/potsdam\\\/event\\\/orientierungsmarsch-bei-tage\\\/#primaryimage\"},\"thumbnailUrl\":\"https:\\\/\\\/www.reservisten-brandenburg.de\\\/potsdam\\\/wp-content\\\/uploads\\\/sites\\\/3\\\/2020\\\/05\\\/RK-Potsdam-MG-Munition.jpg\",\"datePublished\":\"2020-10-20T05:29:18+00:00\",\"dateModified\":\"2023-10-31T23:55:39+00:00\",\"breadcrumb\":{\"@id\":\"https:\\\/\\\/www.reservisten-brandenburg.de\\\/potsdam\\\/event\\\/orientierungsmarsch-bei-tage\\\/#breadcrumb\"},\"inLanguage\":\"de\",\"potentialAction\":[{\"@type\":\"ReadAction\",\"target\":[\"https:\\\/\\\/www.reservisten-brandenburg.de\\\/potsdam\\\/event\\\/orientierungsmarsch-bei-tage\\\/\"]}]},{\"@type\":\"ImageObject\",\"inLanguage\":\"de\",\"@id\":\"https:\\\/\\\/www.reservisten-brandenburg.de\\\/potsdam\\\/event\\\/orientierungsmarsch-bei-tage\\\/#primaryimage\",\"url\":\"https:\\\/\\\/www.reservisten-brandenburg.de\\\/potsdam\\\/wp-content\\\/uploads\\\/sites\\\/3\\\/2020\\\/05\\\/RK-Potsdam-MG-Munition.jpg\",\"contentUrl\":\"https:\\\/\\\/www.reservisten-brandenburg.de\\\/potsdam\\\/wp-content\\\/uploads\\\/sites\\\/3\\\/2020\\\/05\\\/RK-Potsdam-MG-Munition.jpg\",\"width\":1600,\"height\":900},{\"@type\":\"BreadcrumbList\",\"@id\":\"https:\\\/\\\/www.reservisten-brandenburg.de\\\/potsdam\\\/event\\\/orientierungsmarsch-bei-tage\\\/#breadcrumb\",\"itemListElement\":[{\"@type\":\"ListItem\",\"position\":1,\"name\":\"Startseite\",\"item\":\"https:\\\/\\\/www.reservisten-brandenburg.de\\\/potsdam\\\/\"},{\"@type\":\"ListItem\",\"position\":2,\"name\":\"Veranstaltungen\",\"item\":\"https:\\\/\\\/www.reservisten-brandenburg.de\\\/potsdam\\\/events\\\/\"},{\"@type\":\"ListItem\",\"position\":3,\"name\":\"Orientierungsmarsch bei Tage\"}]},{\"@type\":\"WebSite\",\"@id\":\"https:\\\/\\\/www.reservisten-brandenburg.de\\\/potsdam\\\/#website\",\"url\":\"https:\\\/\\\/www.reservisten-brandenburg.de\\\/potsdam\\\/\",\"name\":\"Reservistenkameradschaft Potsdam\",\"description\":\"Die Reserve in Potsdam\",\"potentialAction\":[{\"@type\":\"SearchAction\",\"target\":{\"@type\":\"EntryPoint\",\"urlTemplate\":\"https:\\\/\\\/www.reservisten-brandenburg.de\\\/potsdam\\\/?s={search_term_string}\"},\"query-input\":{\"@type\":\"PropertyValueSpecification\",\"valueRequired\":true,\"valueName\":\"search_term_string\"}}],\"inLanguage\":\"de\"}]}<\/script>\n<!-- \/ Yoast SEO plugin. -->","yoast_head_json":{"title":"Orientierungsmarsch bei Tage - Reservistenkameradschaft Potsdam","robots":{"index":"index","follow":"follow","max-snippet":"max-snippet:-1","max-image-preview":"max-image-preview:large","max-video-preview":"max-video-preview:-1"},"canonical":"https:\/\/www.reservisten-brandenburg.de\/potsdam\/event\/orientierungsmarsch-bei-tage\/","og_locale":"de_DE","og_type":"article","og_title":"Orientierungsmarsch bei Tage - Reservistenkameradschaft Potsdam","og_description":"Thema: Orientierungsmarsch der Wettkampfgruppe der RK Potsdam im Forst Potsdam. Teilnehmer: Reservisten der Wettkampfgruppe. Weitere Teilnehmer ggf. nach R\u00fccksprache bei freier Kapazit\u00e4t m\u00f6glich. Anmeldung erforderlich (auf Warteliste, Freischaltung erfolgt manuell). [&hellip;]","og_url":"https:\/\/www.reservisten-brandenburg.de\/potsdam\/event\/orientierungsmarsch-bei-tage\/","og_site_name":"Reservistenkameradschaft Potsdam","article_publisher":"https:\/\/www.facebook.com\/rk.grosser.kurfuerst\/","article_modified_time":"2023-10-31T23:55:39+00:00","og_image":[{"width":1600,"height":900,"url":"https:\/\/www.reservisten-brandenburg.de\/potsdam\/wp-content\/uploads\/sites\/3\/2020\/05\/RK-Potsdam-MG-Munition.jpg","type":"image\/jpeg"}],"twitter_card":"summary_large_image","twitter_site":"@ResPotsdam","schema":{"@context":"https:\/\/schema.org","@graph":[{"@type":"WebPage","@id":"https:\/\/www.reservisten-brandenburg.de\/potsdam\/event\/orientierungsmarsch-bei-tage\/","url":"https:\/\/www.reservisten-brandenburg.de\/potsdam\/event\/orientierungsmarsch-bei-tage\/","name":"Orientierungsmarsch bei Tage - Reservistenkameradschaft Potsdam","isPartOf":{"@id":"https:\/\/www.reservisten-brandenburg.de\/potsdam\/#website"},"primaryImageOfPage":{"@id":"https:\/\/www.reservisten-brandenburg.de\/potsdam\/event\/orientierungsmarsch-bei-tage\/#primaryimage"},"image":{"@id":"https:\/\/www.reservisten-brandenburg.de\/potsdam\/event\/orientierungsmarsch-bei-tage\/#primaryimage"},"thumbnailUrl":"https:\/\/www.reservisten-brandenburg.de\/potsdam\/wp-content\/uploads\/sites\/3\/2020\/05\/RK-Potsdam-MG-Munition.jpg","datePublished":"2020-10-20T05:29:18+00:00","dateModified":"2023-10-31T23:55:39+00:00","breadcrumb":{"@id":"https:\/\/www.reservisten-brandenburg.de\/potsdam\/event\/orientierungsmarsch-bei-tage\/#breadcrumb"},"inLanguage":"de","potentialAction":[{"@type":"ReadAction","target":["https:\/\/www.reservisten-brandenburg.de\/potsdam\/event\/orientierungsmarsch-bei-tage\/"]}]},{"@type":"ImageObject","inLanguage":"de","@id":"https:\/\/www.reservisten-brandenburg.de\/potsdam\/event\/orientierungsmarsch-bei-tage\/#primaryimage","url":"https:\/\/www.reservisten-brandenburg.de\/potsdam\/wp-content\/uploads\/sites\/3\/2020\/05\/RK-Potsdam-MG-Munition.jpg","contentUrl":"https:\/\/www.reservisten-brandenburg.de\/potsdam\/wp-content\/uploads\/sites\/3\/2020\/05\/RK-Potsdam-MG-Munition.jpg","width":1600,"height":900},{"@type":"BreadcrumbList","@id":"https:\/\/www.reservisten-brandenburg.de\/potsdam\/event\/orientierungsmarsch-bei-tage\/#breadcrumb","itemListElement":[{"@type":"ListItem","position":1,"name":"Startseite","item":"https:\/\/www.reservisten-brandenburg.de\/potsdam\/"},{"@type":"ListItem","position":2,"name":"Veranstaltungen","item":"https:\/\/www.reservisten-brandenburg.de\/potsdam\/events\/"},{"@type":"ListItem","position":3,"name":"Orientierungsmarsch bei Tage"}]},{"@type":"WebSite","@id":"https:\/\/www.reservisten-brandenburg.de\/potsdam\/#website","url":"https:\/\/www.reservisten-brandenburg.de\/potsdam\/","name":"Reservistenkameradschaft Potsdam","description":"Die Reserve in Potsdam","potentialAction":[{"@type":"SearchAction","target":{"@type":"EntryPoint","urlTemplate":"https:\/\/www.reservisten-brandenburg.de\/potsdam\/?s={search_term_string}"},"query-input":{"@type":"PropertyValueSpecification","valueRequired":true,"valueName":"search_term_string"}}],"inLanguage":"de"}]}},"_links":{"self":[{"href":"https:\/\/www.reservisten-brandenburg.de\/potsdam\/wp-json\/wp\/v2\/tribe_events\/7854","targetHints":{"allow":["GET"]}}],"collection":[{"href":"https:\/\/www.reservisten-brandenburg.de\/potsdam\/wp-json\/wp\/v2\/tribe_events"}],"about":[{"href":"https:\/\/www.reservisten-brandenburg.de\/potsdam\/wp-json\/wp\/v2\/types\/tribe_events"}],"author":[{"embeddable":true,"href":"https:\/\/www.reservisten-brandenburg.de\/potsdam\/wp-json\/wp\/v2\/users\/12"}],"version-history":[{"count":0,"href":"https:\/\/www.reservisten-brandenburg.de\/potsdam\/wp-json\/wp\/v2\/tribe_events\/7854\/revisions"}],"wp:featuredmedia":[{"embeddable":true,"href":"https:\/\/www.reservisten-brandenburg.de\/potsdam\/wp-json\/wp\/v2\/media\/7232"}],"wp:attachment":[{"href":"https:\/\/www.reservisten-brandenburg.de\/potsdam\/wp-json\/wp\/v2\/media?parent=7854"}],"wp:term":[{"taxonomy":"post_tag","embeddable":true,"href":"https:\/\/www.reservisten-brandenburg.de\/potsdam\/wp-json\/wp\/v2\/tags?post=7854"},{"taxonomy":"tribe_events_cat","embeddable":true,"href":"https:\/\/www.reservisten-brandenburg.de\/potsdam\/wp-json\/wp\/v2\/tribe_events_cat?post=7854"}],"curies":[{"name":"wp","href":"https:\/\/api.w.org\/{rel}","templated":true}]}}

<p><strong>Thema:</strong> Orientierungsmarsch der Wettkampfgruppe der RK Potsdam im Forst Potsdam.</p>
<p><strong>Teilnehmer:</strong> Reservisten der Wettkampfgruppe. Weitere Teilnehmer ggf. nach Rücksprache bei freier Kapazität möglich. Anmeldung erforderlich (auf Warteliste, Freischaltung erfolgt manuell).</p>
<p><strong>Anzug:</strong> Feldanzug für Reservisten mit allgm. UTE</p>

<p>Thema: Orientierungsmarsch der Wettkampfgruppe der RK Potsdam im Forst Potsdam. Teilnehmer: Reservisten der Wettkampfgruppe. Weitere Teilnehmer ggf. nach Rücksprache bei freier Kapazität möglich. Anmeldung erforderlich (auf Warteliste, Freischaltung erfolgt manuell). [&hellip;]</p>

<!-- This site is optimized with the Yoast SEO plugin v27.4 - https://yoast.com/product/yoast-seo-wordpress/ -->
<title>Orientierungsmarsch bei Tage - Reservistenkameradschaft Potsdam</title>
<meta name="robots" content="index, follow, max-snippet:-1, max-image-preview:large, max-video-preview:-1" />
<link rel="canonical" href="https://www.reservisten-brandenburg.de/potsdam/event/orientierungsmarsch-bei-tage/" />
<meta property="og:locale" content="de_DE" />
<meta property="og:type" content="article" />
<meta property="og:title" content="Orientierungsmarsch bei Tage - Reservistenkameradschaft Potsdam" />
<meta property="og:description" content="Thema: Orientierungsmarsch der Wettkampfgruppe der RK Potsdam im Forst Potsdam. Teilnehmer: Reservisten der Wettkampfgruppe. Weitere Teilnehmer ggf. nach Rücksprache bei freier Kapazität möglich. Anmeldung erforderlich (auf Warteliste, Freischaltung erfolgt manuell). [&hellip;]" />
<meta property="og:url" content="https://www.reservisten-brandenburg.de/potsdam/event/orientierungsmarsch-bei-tage/" />
<meta property="og:site_name" content="Reservistenkameradschaft Potsdam" />
<meta property="article:publisher" content="https://www.facebook.com/rk.grosser.kurfuerst/" />
<meta property="article:modified_time" content="2023-10-31T23:55:39+00:00" />
<meta property="og:image" content="https://www.reservisten-brandenburg.de/potsdam/wp-content/uploads/sites/3/2020/05/RK-Potsdam-MG-Munition.jpg" />
	<meta property="og:image:width" content="1600" />
	<meta property="og:image:height" content="900" />
	<meta property="og:image:type" content="image/jpeg" />
<meta name="twitter:card" content="summary_large_image" />
<meta name="twitter:site" content="@ResPotsdam" />
<script type="application/ld+json" class="yoast-schema-graph">{"@context":"https:\/\/schema.org","@graph":[{"@type":"WebPage","@id":"https:\/\/www.reservisten-brandenburg.de\/potsdam\/event\/orientierungsmarsch-bei-tage\/","url":"https:\/\/www.reservisten-brandenburg.de\/potsdam\/event\/orientierungsmarsch-bei-tage\/","name":"Orientierungsmarsch bei Tage - Reservistenkameradschaft Potsdam","isPartOf":{"@id":"https:\/\/www.reservisten-brandenburg.de\/potsdam\/#website"},"primaryImageOfPage":{"@id":"https:\/\/www.reservisten-brandenburg.de\/potsdam\/event\/orientierungsmarsch-bei-tage\/#primaryimage"},"image":{"@id":"https:\/\/www.reservisten-brandenburg.de\/potsdam\/event\/orientierungsmarsch-bei-tage\/#primaryimage"},"thumbnailUrl":"https:\/\/www.reservisten-brandenburg.de\/potsdam\/wp-content\/uploads\/sites\/3\/2020\/05\/RK-Potsdam-MG-Munition.jpg","datePublished":"2020-10-20T05:29:18+00:00","dateModified":"2023-10-31T23:55:39+00:00","breadcrumb":{"@id":"https:\/\/www.reservisten-brandenburg.de\/potsdam\/event\/orientierungsmarsch-bei-tage\/#breadcrumb"},"inLanguage":"de","potentialAction":[{"@type":"ReadAction","target":["https:\/\/www.reservisten-brandenburg.de\/potsdam\/event\/orientierungsmarsch-bei-tage\/"]}]},{"@type":"ImageObject","inLanguage":"de","@id":"https:\/\/www.reservisten-brandenburg.de\/potsdam\/event\/orientierungsmarsch-bei-tage\/#primaryimage","url":"https:\/\/www.reservisten-brandenburg.de\/potsdam\/wp-content\/uploads\/sites\/3\/2020\/05\/RK-Potsdam-MG-Munition.jpg","contentUrl":"https:\/\/www.reservisten-brandenburg.de\/potsdam\/wp-content\/uploads\/sites\/3\/2020\/05\/RK-Potsdam-MG-Munition.jpg","width":1600,"height":900},{"@type":"BreadcrumbList","@id":"https:\/\/www.reservisten-brandenburg.de\/potsdam\/event\/orientierungsmarsch-bei-tage\/#breadcrumb","itemListElement":[{"@type":"ListItem","position":1,"name":"Startseite","item":"https:\/\/www.reservisten-brandenburg.de\/potsdam\/"},{"@type":"ListItem","position":2,"name":"Veranstaltungen","item":"https:\/\/www.reservisten-brandenburg.de\/potsdam\/events\/"},{"@type":"ListItem","position":3,"name":"Orientierungsmarsch bei Tage"}]},{"@type":"WebSite","@id":"https:\/\/www.reservisten-brandenburg.de\/potsdam\/#website","url":"https:\/\/www.reservisten-brandenburg.de\/potsdam\/","name":"Reservistenkameradschaft Potsdam","description":"Die Reserve in Potsdam","potentialAction":[{"@type":"SearchAction","target":{"@type":"EntryPoint","urlTemplate":"https:\/\/www.reservisten-brandenburg.de\/potsdam\/?s={search_term_string}"},"query-input":{"@type":"PropertyValueSpecification","valueRequired":true,"valueName":"search_term_string"}}],"inLanguage":"de"}]}</script>
<!-- / Yoast SEO plugin. -->

Thema: Orientierungsmarsch der Wettkampfgruppe der RK Potsdam im Forst Potsdam. Teilnehmer: Reservisten der Wettkampfgruppe. Weitere Teilnehmer ggf. nach Rücksprache bei freier Kapazität möglich. Anmeldung erforderlich (auf Warteliste, Freischaltung erfolgt manuell). [&hellip;]
