{"id":8004,"date":"2021-01-08T02:50:19","date_gmt":"2021-01-08T01:50:19","guid":{"rendered":"https:\/\/www.reservisten-brandenburg.de\/potsdam\/?page_id=8004"},"modified":"2021-01-08T03:06:04","modified_gmt":"2021-01-08T02:06:04","slug":"militarwettkampfe","status":"publish","type":"page","link":"https:\/\/www.reservisten-brandenburg.de\/potsdam\/wettkampf\/militarwettkampfe\/","title":{"rendered":"Milit\u00e4rwettk\u00e4mpfe"},"content":{"rendered":"\n<p>Die Wettkampfgruppe der Reservistenkameradschaft Potsdam nimmt an nationalen und internationalen Wettk\u00e4mpfen teil und bereit sich auf diese vor. Dies k\u00f6nnen milit\u00e4rischen Vielseitigkeitswettk\u00e4mpfe, genauso wie M\u00e4rsche oder Schie\u00dfwettk\u00e4mpfe sein.<\/p>\n\n\n\n<h3 class=\"wp-block-heading\">Milit\u00e4rische Vielseitigkeitswettk\u00e4mpfe<\/h3>\n\n\n\n<p>Wesentliches Ziel ist es an nationalen und perspektivisch auch an internationalen Wettk\u00e4mpfen teilzunehmen. Im Fokus stehen aber auch die regionalen <a href=\"http:\/www.milit\u00e4rwettkampf.de\" target=\"_blank\" rel=\"noreferrer noopener\">Milit\u00e4rwettk\u00e4mpfe<\/a> im Raum Brandenburg-Berlin. Dies sind z.B. der <a href=\"http:\/\/www.oderlandmarsch.de\" target=\"_blank\" rel=\"noreferrer noopener\">Oderlandmarsch<\/a> oder der Black Eagle. Dazu finden <a href=\"https:\/\/www.reservisten-brandenburg.de\/potsdam\/wettkampf\/veranstaltungen\/\">regelm\u00e4\u00dfig Trainings<\/a> der erforderlichen milit\u00e4rischen Grundfertigkeiten statt, um so die T\u00e4tigkeiten des Einzelsch\u00fctzen, F\u00fchrungsleistung und darauf aufbauend das gemeinsame Handeln im Gruppenrahmen st\u00e4ndig zu verbessern.<\/p>\n\n\n\n<p>Das milit\u00e4rische Training der Wettkampfgruppe ist kein Selbstzweck. Im Fokus steht die stetige Verbesserung der gemeinsamen milit\u00e4rischen Leistung. Daher nimmt auch die Teilnahme an der Ausbildung der Landesgruppe Brandenburg im Rahmen des <a href=\"http:\/\/www.sicherungszug.de\" target=\"_blank\" rel=\"noreferrer noopener\">Sicherungszuges<\/a> einen wichtigen Stellenwert ein. Diese dient gleichzeitig dem Training des Zusammenwirkens in der kleinen Kampfgemeinschaft und der Gruppe.<\/p>\n\n\n\n<h3 class=\"wp-block-heading\">M\u00e4rsche<\/h3>\n\n\n\n<p>M\u00e4rsche fordern und f\u00f6rdern die Ausdauer der Reservisten und sind damit Teil des Trainings zum Erhalt und der Verbesserung der k\u00f6rperlichen Leistungsf\u00e4higkeit. Im Rahmen der Teilnahme an nationalen und internationalen M\u00e4rschen kann die Leistungsf\u00e4higkeit \u00fcberpr\u00fcft werden. Gleichzeitig dient die Teilnahme der Motivation und der Verbindungsaufnahme und Kontaktpflege mit Soldaten und Reservisten der Bundeswehr und verb\u00fcndeter Streitkr\u00e4fte.<\/p>\n\n\n\n<h3 class=\"wp-block-heading\">Schie\u00dfwettk\u00e4mpfe<\/h3>\n\n\n\n<p>Schie\u00dfen ist ein wesentlicher Bestandteil milit\u00e4rischer Wettk\u00e4mpfe und unseres Trainings. Au\u00dferdem nehmen wir regelm\u00e4\u00dfig an reinen Schie\u00dfwettk\u00e4mpfen wie dem <a href=\"https:\/\/www.reservisten-brandenburg.de\/potsdam\/2019\/09\/24\/snajper-2019\/\">Snajper in Polen<\/a> teil. Hier k\u00f6nnen neben dem eigentlichen Wettkampfkadern auch Teilnehmer antreten, die sich auf das Schie\u00dftraining fokussieren. <\/p>\n\n\n\n<hr class=\"wp-block-separator\"\/>\n\n\n\n<p>Weitere Informationen zu den Trainings und Wettkampfteilnahmen der Wettkampfgruppe sowie den M\u00f6glichkeiten und Voraussetzungen der Teilnahme findet Ihr hier: <a href=\"https:\/\/www.reservisten-brandenburg.de\/potsdam\/wettkampf\/veranstaltungen\/\">Trainings und Wettk\u00e4mpfe<\/a>.<\/p>\n","protected":false},"excerpt":{"rendered":"<p>Die Wettkampfgruppe der Reservistenkameradschaft Potsdam nimmt an nationalen und internationalen Wettk\u00e4mpfen teil und bereit sich auf diese vor. Dies k\u00f6nnen milit\u00e4rischen Vielseitigkeitswettk\u00e4mpfe, genauso wie M\u00e4rsche oder Schie\u00dfwettk\u00e4mpfe sein. Milit\u00e4rische Vielseitigkeitswettk\u00e4mpfe [&hellip;]<\/p>\n","protected":false},"author":12,"featured_media":58,"parent":7941,"menu_order":0,"comment_status":"closed","ping_status":"closed","template":"","meta":{"footnotes":""},"class_list":["post-8004","page","type-page","status-publish","has-post-thumbnail","hentry"],"yoast_head":"<!-- This site is optimized with the Yoast SEO plugin v27.5 - https:\/\/yoast.com\/product\/yoast-seo-wordpress\/ -->\n<title>Milit\u00e4rwettk\u00e4mpfe - Reservistenkameradschaft Potsdam<\/title>\n<meta name=\"robots\" content=\"index, follow, max-snippet:-1, max-image-preview:large, max-video-preview:-1\" \/>\n<link rel=\"canonical\" href=\"https:\/\/www.reservisten-brandenburg.de\/potsdam\/wettkampf\/militarwettkampfe\/\" \/>\n<meta property=\"og:locale\" content=\"de_DE\" \/>\n<meta property=\"og:type\" content=\"article\" \/>\n<meta property=\"og:title\" content=\"Milit\u00e4rwettk\u00e4mpfe - Reservistenkameradschaft Potsdam\" \/>\n<meta property=\"og:description\" content=\"Die Wettkampfgruppe der Reservistenkameradschaft Potsdam nimmt an nationalen und internationalen Wettk\u00e4mpfen teil und bereit sich auf diese vor. Dies k\u00f6nnen milit\u00e4rischen Vielseitigkeitswettk\u00e4mpfe, genauso wie M\u00e4rsche oder Schie\u00dfwettk\u00e4mpfe sein. Milit\u00e4rische Vielseitigkeitswettk\u00e4mpfe [&hellip;]\" \/>\n<meta property=\"og:url\" content=\"https:\/\/www.reservisten-brandenburg.de\/potsdam\/wettkampf\/militarwettkampfe\/\" \/>\n<meta property=\"og:site_name\" content=\"Reservistenkameradschaft Potsdam\" \/>\n<meta property=\"article:publisher\" content=\"https:\/\/www.facebook.com\/rk.grosser.kurfuerst\/\" \/>\n<meta property=\"article:modified_time\" content=\"2021-01-08T02:06:04+00:00\" \/>\n<meta property=\"og:image\" content=\"https:\/\/www.reservisten-brandenburg.de\/potsdam\/wp-content\/uploads\/sites\/3\/2020\/03\/RK-Potsdam_Logo_Pistole.jpg\" \/>\n\t<meta property=\"og:image:width\" content=\"1600\" \/>\n\t<meta property=\"og:image:height\" content=\"900\" \/>\n\t<meta property=\"og:image:type\" content=\"image\/jpeg\" \/>\n<meta name=\"twitter:card\" content=\"summary_large_image\" \/>\n<meta name=\"twitter:site\" content=\"@ResPotsdam\" \/>\n<meta name=\"twitter:label1\" content=\"Gesch\u00e4tzte Lesezeit\" \/>\n\t<meta name=\"twitter:data1\" content=\"2\u00a0Minuten\" \/>\n<script type=\"application\/ld+json\" class=\"yoast-schema-graph\">{\"@context\":\"https:\\\/\\\/schema.org\",\"@graph\":[{\"@type\":\"WebPage\",\"@id\":\"https:\\\/\\\/www.reservisten-brandenburg.de\\\/potsdam\\\/wettkampf\\\/militarwettkampfe\\\/\",\"url\":\"https:\\\/\\\/www.reservisten-brandenburg.de\\\/potsdam\\\/wettkampf\\\/militarwettkampfe\\\/\",\"name\":\"Milit\u00e4rwettk\u00e4mpfe - Reservistenkameradschaft Potsdam\",\"isPartOf\":{\"@id\":\"https:\\\/\\\/www.reservisten-brandenburg.de\\\/potsdam\\\/#website\"},\"primaryImageOfPage\":{\"@id\":\"https:\\\/\\\/www.reservisten-brandenburg.de\\\/potsdam\\\/wettkampf\\\/militarwettkampfe\\\/#primaryimage\"},\"image\":{\"@id\":\"https:\\\/\\\/www.reservisten-brandenburg.de\\\/potsdam\\\/wettkampf\\\/militarwettkampfe\\\/#primaryimage\"},\"thumbnailUrl\":\"https:\\\/\\\/www.reservisten-brandenburg.de\\\/potsdam\\\/wp-content\\\/uploads\\\/sites\\\/3\\\/2020\\\/03\\\/RK-Potsdam_Logo_Pistole.jpg\",\"datePublished\":\"2021-01-08T01:50:19+00:00\",\"dateModified\":\"2021-01-08T02:06:04+00:00\",\"breadcrumb\":{\"@id\":\"https:\\\/\\\/www.reservisten-brandenburg.de\\\/potsdam\\\/wettkampf\\\/militarwettkampfe\\\/#breadcrumb\"},\"inLanguage\":\"de\",\"potentialAction\":[{\"@type\":\"ReadAction\",\"target\":[\"https:\\\/\\\/www.reservisten-brandenburg.de\\\/potsdam\\\/wettkampf\\\/militarwettkampfe\\\/\"]}]},{\"@type\":\"ImageObject\",\"inLanguage\":\"de\",\"@id\":\"https:\\\/\\\/www.reservisten-brandenburg.de\\\/potsdam\\\/wettkampf\\\/militarwettkampfe\\\/#primaryimage\",\"url\":\"https:\\\/\\\/www.reservisten-brandenburg.de\\\/potsdam\\\/wp-content\\\/uploads\\\/sites\\\/3\\\/2020\\\/03\\\/RK-Potsdam_Logo_Pistole.jpg\",\"contentUrl\":\"https:\\\/\\\/www.reservisten-brandenburg.de\\\/potsdam\\\/wp-content\\\/uploads\\\/sites\\\/3\\\/2020\\\/03\\\/RK-Potsdam_Logo_Pistole.jpg\",\"width\":1600,\"height\":900},{\"@type\":\"BreadcrumbList\",\"@id\":\"https:\\\/\\\/www.reservisten-brandenburg.de\\\/potsdam\\\/wettkampf\\\/militarwettkampfe\\\/#breadcrumb\",\"itemListElement\":[{\"@type\":\"ListItem\",\"position\":1,\"name\":\"Startseite\",\"item\":\"https:\\\/\\\/www.reservisten-brandenburg.de\\\/potsdam\\\/\"},{\"@type\":\"ListItem\",\"position\":2,\"name\":\"Wettkampfgruppe\",\"item\":\"https:\\\/\\\/www.reservisten-brandenburg.de\\\/potsdam\\\/wettkampf\\\/\"},{\"@type\":\"ListItem\",\"position\":3,\"name\":\"Milit\u00e4rwettk\u00e4mpfe\"}]},{\"@type\":\"WebSite\",\"@id\":\"https:\\\/\\\/www.reservisten-brandenburg.de\\\/potsdam\\\/#website\",\"url\":\"https:\\\/\\\/www.reservisten-brandenburg.de\\\/potsdam\\\/\",\"name\":\"Reservistenkameradschaft Potsdam\",\"description\":\"Die Reserve in Potsdam\",\"potentialAction\":[{\"@type\":\"SearchAction\",\"target\":{\"@type\":\"EntryPoint\",\"urlTemplate\":\"https:\\\/\\\/www.reservisten-brandenburg.de\\\/potsdam\\\/?s={search_term_string}\"},\"query-input\":{\"@type\":\"PropertyValueSpecification\",\"valueRequired\":true,\"valueName\":\"search_term_string\"}}],\"inLanguage\":\"de\"}]}<\/script>\n<!-- \/ Yoast SEO plugin. -->","yoast_head_json":{"title":"Milit\u00e4rwettk\u00e4mpfe - Reservistenkameradschaft Potsdam","robots":{"index":"index","follow":"follow","max-snippet":"max-snippet:-1","max-image-preview":"max-image-preview:large","max-video-preview":"max-video-preview:-1"},"canonical":"https:\/\/www.reservisten-brandenburg.de\/potsdam\/wettkampf\/militarwettkampfe\/","og_locale":"de_DE","og_type":"article","og_title":"Milit\u00e4rwettk\u00e4mpfe - Reservistenkameradschaft Potsdam","og_description":"Die Wettkampfgruppe der Reservistenkameradschaft Potsdam nimmt an nationalen und internationalen Wettk\u00e4mpfen teil und bereit sich auf diese vor. Dies k\u00f6nnen milit\u00e4rischen Vielseitigkeitswettk\u00e4mpfe, genauso wie M\u00e4rsche oder Schie\u00dfwettk\u00e4mpfe sein. Milit\u00e4rische Vielseitigkeitswettk\u00e4mpfe [&hellip;]","og_url":"https:\/\/www.reservisten-brandenburg.de\/potsdam\/wettkampf\/militarwettkampfe\/","og_site_name":"Reservistenkameradschaft Potsdam","article_publisher":"https:\/\/www.facebook.com\/rk.grosser.kurfuerst\/","article_modified_time":"2021-01-08T02:06:04+00:00","og_image":[{"width":1600,"height":900,"url":"https:\/\/www.reservisten-brandenburg.de\/potsdam\/wp-content\/uploads\/sites\/3\/2020\/03\/RK-Potsdam_Logo_Pistole.jpg","type":"image\/jpeg"}],"twitter_card":"summary_large_image","twitter_site":"@ResPotsdam","twitter_misc":{"Gesch\u00e4tzte Lesezeit":"2\u00a0Minuten"},"schema":{"@context":"https:\/\/schema.org","@graph":[{"@type":"WebPage","@id":"https:\/\/www.reservisten-brandenburg.de\/potsdam\/wettkampf\/militarwettkampfe\/","url":"https:\/\/www.reservisten-brandenburg.de\/potsdam\/wettkampf\/militarwettkampfe\/","name":"Milit\u00e4rwettk\u00e4mpfe - Reservistenkameradschaft Potsdam","isPartOf":{"@id":"https:\/\/www.reservisten-brandenburg.de\/potsdam\/#website"},"primaryImageOfPage":{"@id":"https:\/\/www.reservisten-brandenburg.de\/potsdam\/wettkampf\/militarwettkampfe\/#primaryimage"},"image":{"@id":"https:\/\/www.reservisten-brandenburg.de\/potsdam\/wettkampf\/militarwettkampfe\/#primaryimage"},"thumbnailUrl":"https:\/\/www.reservisten-brandenburg.de\/potsdam\/wp-content\/uploads\/sites\/3\/2020\/03\/RK-Potsdam_Logo_Pistole.jpg","datePublished":"2021-01-08T01:50:19+00:00","dateModified":"2021-01-08T02:06:04+00:00","breadcrumb":{"@id":"https:\/\/www.reservisten-brandenburg.de\/potsdam\/wettkampf\/militarwettkampfe\/#breadcrumb"},"inLanguage":"de","potentialAction":[{"@type":"ReadAction","target":["https:\/\/www.reservisten-brandenburg.de\/potsdam\/wettkampf\/militarwettkampfe\/"]}]},{"@type":"ImageObject","inLanguage":"de","@id":"https:\/\/www.reservisten-brandenburg.de\/potsdam\/wettkampf\/militarwettkampfe\/#primaryimage","url":"https:\/\/www.reservisten-brandenburg.de\/potsdam\/wp-content\/uploads\/sites\/3\/2020\/03\/RK-Potsdam_Logo_Pistole.jpg","contentUrl":"https:\/\/www.reservisten-brandenburg.de\/potsdam\/wp-content\/uploads\/sites\/3\/2020\/03\/RK-Potsdam_Logo_Pistole.jpg","width":1600,"height":900},{"@type":"BreadcrumbList","@id":"https:\/\/www.reservisten-brandenburg.de\/potsdam\/wettkampf\/militarwettkampfe\/#breadcrumb","itemListElement":[{"@type":"ListItem","position":1,"name":"Startseite","item":"https:\/\/www.reservisten-brandenburg.de\/potsdam\/"},{"@type":"ListItem","position":2,"name":"Wettkampfgruppe","item":"https:\/\/www.reservisten-brandenburg.de\/potsdam\/wettkampf\/"},{"@type":"ListItem","position":3,"name":"Milit\u00e4rwettk\u00e4mpfe"}]},{"@type":"WebSite","@id":"https:\/\/www.reservisten-brandenburg.de\/potsdam\/#website","url":"https:\/\/www.reservisten-brandenburg.de\/potsdam\/","name":"Reservistenkameradschaft Potsdam","description":"Die Reserve in Potsdam","potentialAction":[{"@type":"SearchAction","target":{"@type":"EntryPoint","urlTemplate":"https:\/\/www.reservisten-brandenburg.de\/potsdam\/?s={search_term_string}"},"query-input":{"@type":"PropertyValueSpecification","valueRequired":true,"valueName":"search_term_string"}}],"inLanguage":"de"}]}},"_links":{"self":[{"href":"https:\/\/www.reservisten-brandenburg.de\/potsdam\/wp-json\/wp\/v2\/pages\/8004","targetHints":{"allow":["GET"]}}],"collection":[{"href":"https:\/\/www.reservisten-brandenburg.de\/potsdam\/wp-json\/wp\/v2\/pages"}],"about":[{"href":"https:\/\/www.reservisten-brandenburg.de\/potsdam\/wp-json\/wp\/v2\/types\/page"}],"author":[{"embeddable":true,"href":"https:\/\/www.reservisten-brandenburg.de\/potsdam\/wp-json\/wp\/v2\/users\/12"}],"replies":[{"embeddable":true,"href":"https:\/\/www.reservisten-brandenburg.de\/potsdam\/wp-json\/wp\/v2\/comments?post=8004"}],"version-history":[{"count":0,"href":"https:\/\/www.reservisten-brandenburg.de\/potsdam\/wp-json\/wp\/v2\/pages\/8004\/revisions"}],"up":[{"embeddable":true,"href":"https:\/\/www.reservisten-brandenburg.de\/potsdam\/wp-json\/wp\/v2\/pages\/7941"}],"wp:featuredmedia":[{"embeddable":true,"href":"https:\/\/www.reservisten-brandenburg.de\/potsdam\/wp-json\/wp\/v2\/media\/58"}],"wp:attachment":[{"href":"https:\/\/www.reservisten-brandenburg.de\/potsdam\/wp-json\/wp\/v2\/media?parent=8004"}],"curies":[{"name":"wp","href":"https:\/\/api.w.org\/{rel}","templated":true}]}}