{"id":35,"date":"2020-03-18T15:59:52","date_gmt":"2020-03-18T14:59:52","guid":{"rendered":"https:\/\/reservisten-brandenburg.de\/potsdam\/?page_id=35"},"modified":"2025-03-16T23:29:20","modified_gmt":"2025-03-16T22:29:20","slug":"reservistenkameradschaft","status":"publish","type":"page","link":"https:\/\/www.reservisten-brandenburg.de\/potsdam\/reservistenkameradschaft\/","title":{"rendered":"Die Reservistenkameradschaft Potsdam"},"content":{"rendered":"\n<p>Die Reservistenkameradschaft &#8220;Gro\u00dfer Kurf\u00fcrst&#8221; Potsdam wurde 1994 gegr\u00fcndet und ist mit \u00fcber 220 Mitgliedern die gr\u00f6\u00dfte RK im Land Brandenburg. Wir sind in der beorderungsunabh\u00e4ngigen, freiwilligen Reservistenarbeit aktiv. Zu unseren Aufgaben geh\u00f6ren u.a.:<\/p>\n\n\n\n<ul class=\"wp-block-list\"><li>die Betreuung der Reservisten &#8211; also aller ehemaligen Soldaten &#8211; der Bundeswehr<\/li><li>Sicherheitspolitische Arbeit, z.B. mit Vortr\u00e4gen und Diskussionen<\/li><li>Aus- und Weiterbildung milit\u00e4rischer F\u00e4higkeiten<\/li><li>\u00d6ffentlichkeitsarbeit als Mittler zwischen Bundeswehr und Gesellschaft<\/li><li>Zusammenarbeit mit Blaulichtorganisationen (ZMZ)<\/li><li>Teilnahme an und Training f\u00fcr Reservistenwettk\u00e4mpfe<\/li><li>die Pflege der Kameradschaft<\/li><\/ul>\n\n\n\n<p>Der Reservistenverband bietet seinen Mitgliedern auch in Potsdam <a href=\"https:\/\/www.reservisten-brandenburg.de\/potsdam\/termine\/\">vielf\u00e4ltige Angebote<\/a>, um sich als Reservist zu engagieren und zusammen mit Kameraden gemeinsamen Interessen nachzugehen. Seit Anfang 2014 wird die Reservistenkameradschaft Potsdam von Oberstabsgefreiten der Reserve Ronald Nitschke gef\u00fchrt. Besuchen Sie uns wir freuen uns auf Sie!<\/p>\n\n\n<p>[gdgallery_gallery id_gallery=&#8221;6&#8243;]<\/p>\n\n\n\n<p>Die Betreuung unserer Mitglieder erfolgt in erster Linie ehrenamtlich durch den <a href=\"https:\/\/www.reservisten-brandenburg.de\/potsdam\/vorstand\/\">Vorstand<\/a>. Die hauptamtlichen Mitarbeiter des Reservistenverbandes unterst\u00fctzen aus der <a href=\"https:\/\/www.reservisten-brandenburg.de\/potsdam\/reservistenkameradschaft\/landesgeschaeftsstelle\/\">Landesgesch\u00e4ftsstelle<\/a> in der Potsdamer Havelland-Kaserne.<\/p>\n\n\n\n<p>Weitere Informationen erhalten Sie in den verschiedenen sozialen Netzwerken:<\/p>\n\n\n\n<ul class=\"wp-block-list\"><li>auf der <a rel=\"noreferrer noopener\" aria-label=\"Facebook-Seite der RK Potsdam (\u00f6ffnet in neuem Tab)\" href=\"https:\/\/www.facebook.com\/rk.grosser.kurfuerst\/\" target=\"_blank\">Facebook-Seite der RK Potsdam<\/a>,<\/li><li>beim Kurznachrichtendienst <a rel=\"noreferrer noopener\" label=\"Twitter (\u00f6ffnet in neuem Tab)\" href=\"https:\/\/x.com\/ResPotsdam\" target=\"_blank\">Twitter<\/a>,<\/li><li>bei Fotodienst <a rel=\"noreferrer noopener\" aria-label=\"Flickr.com (\u00f6ffnet in neuem Tab)\" href=\"https:\/\/www.flickr.com\/photos\/reservisten-potsdam\/\" target=\"_blank\">Flickr.com<\/a> und<\/li><li>auf dem Videoportal <a rel=\"noreferrer noopener\" aria-label=\"YouTube (\u00f6ffnet in neuem Tab)\" href=\"https:\/\/www.youtube.com\/channel\/UC30IySNYu79rnI6_89Sdf_A\" target=\"_blank\">YouTube<\/a>, sowie<\/li><li>mit unserer <a href=\"https:\/\/web.archive.org\/web\/20230207164056\/https:\/\/play.google.com\/store\/apps\/details?id=com.Tobit.android.Slitte66808059741\" target=\"_blank\" rel=\"noreferrer noopener\" label=\"App f\u00fcr Androidger\u00e4te (\u00f6ffnet in neuem Tab)\">App f\u00fcr Androidger\u00e4te<\/a>.<\/li><\/ul>\n","protected":false},"excerpt":{"rendered":"<p>Die Reservistenkameradschaft &#8220;Gro\u00dfer Kurf\u00fcrst&#8221; Potsdam wurde 1994 gegr\u00fcndet und ist mit \u00fcber 220 Mitgliedern die gr\u00f6\u00dfte RK im Land Brandenburg. Wir sind in der beorderungsunabh\u00e4ngigen, freiwilligen Reservistenarbeit aktiv. Zu unseren [&hellip;]<\/p>\n","protected":false},"author":12,"featured_media":39,"parent":0,"menu_order":0,"comment_status":"closed","ping_status":"closed","template":"","meta":{"footnotes":""},"class_list":["post-35","page","type-page","status-publish","has-post-thumbnail","hentry"],"yoast_head":"<!-- This site is optimized with the Yoast SEO plugin v27.3 - https:\/\/yoast.com\/product\/yoast-seo-wordpress\/ -->\n<title>Die Reservistenkameradschaft Potsdam - Reservistenkameradschaft Potsdam<\/title>\n<meta name=\"description\" content=\"Die Reservistenkameradschaft &quot;Gro\u00dfer Kurf\u00fcrst&quot; Potsdam wurde 1994 gegr\u00fcndet und ist mit knapp \u00fcber 200 Mitgliedern die gr\u00f6\u00dfte RK im Land Brandenburg.\" \/>\n<meta name=\"robots\" content=\"index, follow, max-snippet:-1, max-image-preview:large, max-video-preview:-1\" \/>\n<link rel=\"canonical\" href=\"https:\/\/www.reservisten-brandenburg.de\/potsdam\/reservistenkameradschaft\/\" \/>\n<meta property=\"og:locale\" content=\"de_DE\" \/>\n<meta property=\"og:type\" content=\"article\" \/>\n<meta property=\"og:title\" content=\"Die Reservistenkameradschaft Potsdam - Reservistenkameradschaft Potsdam\" \/>\n<meta property=\"og:description\" content=\"Die Reservistenkameradschaft &quot;Gro\u00dfer Kurf\u00fcrst&quot; Potsdam wurde 1994 gegr\u00fcndet und ist mit knapp \u00fcber 200 Mitgliedern die gr\u00f6\u00dfte RK im Land Brandenburg.\" \/>\n<meta property=\"og:url\" content=\"https:\/\/www.reservisten-brandenburg.de\/potsdam\/reservistenkameradschaft\/\" \/>\n<meta property=\"og:site_name\" content=\"Reservistenkameradschaft Potsdam\" \/>\n<meta property=\"article:publisher\" content=\"https:\/\/www.facebook.com\/rk.grosser.kurfuerst\/\" \/>\n<meta property=\"article:modified_time\" content=\"2025-03-16T22:29:20+00:00\" \/>\n<meta property=\"og:image\" content=\"https:\/\/www.reservisten-brandenburg.de\/potsdam\/wp-content\/uploads\/sites\/3\/2020\/03\/RK-Potsdam-MG-Munition.jpg\" \/>\n\t<meta property=\"og:image:width\" content=\"1600\" \/>\n\t<meta property=\"og:image:height\" content=\"900\" \/>\n\t<meta property=\"og:image:type\" content=\"image\/jpeg\" \/>\n<meta name=\"twitter:card\" content=\"summary_large_image\" \/>\n<meta name=\"twitter:site\" content=\"@ResPotsdam\" \/>\n<meta name=\"twitter:label1\" content=\"Gesch\u00e4tzte Lesezeit\" \/>\n\t<meta name=\"twitter:data1\" content=\"1\u00a0Minute\" \/>\n<script type=\"application\/ld+json\" class=\"yoast-schema-graph\">{\"@context\":\"https:\\\/\\\/schema.org\",\"@graph\":[{\"@type\":\"WebPage\",\"@id\":\"https:\\\/\\\/www.reservisten-brandenburg.de\\\/potsdam\\\/reservistenkameradschaft\\\/\",\"url\":\"https:\\\/\\\/www.reservisten-brandenburg.de\\\/potsdam\\\/reservistenkameradschaft\\\/\",\"name\":\"Die Reservistenkameradschaft Potsdam - Reservistenkameradschaft Potsdam\",\"isPartOf\":{\"@id\":\"https:\\\/\\\/www.reservisten-brandenburg.de\\\/potsdam\\\/#website\"},\"primaryImageOfPage\":{\"@id\":\"https:\\\/\\\/www.reservisten-brandenburg.de\\\/potsdam\\\/reservistenkameradschaft\\\/#primaryimage\"},\"image\":{\"@id\":\"https:\\\/\\\/www.reservisten-brandenburg.de\\\/potsdam\\\/reservistenkameradschaft\\\/#primaryimage\"},\"thumbnailUrl\":\"https:\\\/\\\/www.reservisten-brandenburg.de\\\/potsdam\\\/wp-content\\\/uploads\\\/sites\\\/3\\\/2020\\\/03\\\/RK-Potsdam-MG-Munition.jpg\",\"datePublished\":\"2020-03-18T14:59:52+00:00\",\"dateModified\":\"2025-03-16T22:29:20+00:00\",\"description\":\"Die Reservistenkameradschaft \\\"Gro\u00dfer Kurf\u00fcrst\\\" Potsdam wurde 1994 gegr\u00fcndet und ist mit knapp \u00fcber 200 Mitgliedern die gr\u00f6\u00dfte RK im Land Brandenburg.\",\"breadcrumb\":{\"@id\":\"https:\\\/\\\/www.reservisten-brandenburg.de\\\/potsdam\\\/reservistenkameradschaft\\\/#breadcrumb\"},\"inLanguage\":\"de\",\"potentialAction\":[{\"@type\":\"ReadAction\",\"target\":[\"https:\\\/\\\/www.reservisten-brandenburg.de\\\/potsdam\\\/reservistenkameradschaft\\\/\"]}]},{\"@type\":\"ImageObject\",\"inLanguage\":\"de\",\"@id\":\"https:\\\/\\\/www.reservisten-brandenburg.de\\\/potsdam\\\/reservistenkameradschaft\\\/#primaryimage\",\"url\":\"https:\\\/\\\/www.reservisten-brandenburg.de\\\/potsdam\\\/wp-content\\\/uploads\\\/sites\\\/3\\\/2020\\\/03\\\/RK-Potsdam-MG-Munition.jpg\",\"contentUrl\":\"https:\\\/\\\/www.reservisten-brandenburg.de\\\/potsdam\\\/wp-content\\\/uploads\\\/sites\\\/3\\\/2020\\\/03\\\/RK-Potsdam-MG-Munition.jpg\",\"width\":1600,\"height\":900},{\"@type\":\"BreadcrumbList\",\"@id\":\"https:\\\/\\\/www.reservisten-brandenburg.de\\\/potsdam\\\/reservistenkameradschaft\\\/#breadcrumb\",\"itemListElement\":[{\"@type\":\"ListItem\",\"position\":1,\"name\":\"Startseite\",\"item\":\"https:\\\/\\\/www.reservisten-brandenburg.de\\\/potsdam\\\/\"},{\"@type\":\"ListItem\",\"position\":2,\"name\":\"Die Reservistenkameradschaft Potsdam\"}]},{\"@type\":\"WebSite\",\"@id\":\"https:\\\/\\\/www.reservisten-brandenburg.de\\\/potsdam\\\/#website\",\"url\":\"https:\\\/\\\/www.reservisten-brandenburg.de\\\/potsdam\\\/\",\"name\":\"Reservistenkameradschaft Potsdam\",\"description\":\"Die Reserve in Potsdam\",\"potentialAction\":[{\"@type\":\"SearchAction\",\"target\":{\"@type\":\"EntryPoint\",\"urlTemplate\":\"https:\\\/\\\/www.reservisten-brandenburg.de\\\/potsdam\\\/?s={search_term_string}\"},\"query-input\":{\"@type\":\"PropertyValueSpecification\",\"valueRequired\":true,\"valueName\":\"search_term_string\"}}],\"inLanguage\":\"de\"}]}<\/script>\n<!-- \/ Yoast SEO plugin. -->","yoast_head_json":{"title":"Die Reservistenkameradschaft Potsdam - Reservistenkameradschaft Potsdam","description":"Die Reservistenkameradschaft \"Gro\u00dfer Kurf\u00fcrst\" Potsdam wurde 1994 gegr\u00fcndet und ist mit knapp \u00fcber 200 Mitgliedern die gr\u00f6\u00dfte RK im Land Brandenburg.","robots":{"index":"index","follow":"follow","max-snippet":"max-snippet:-1","max-image-preview":"max-image-preview:large","max-video-preview":"max-video-preview:-1"},"canonical":"https:\/\/www.reservisten-brandenburg.de\/potsdam\/reservistenkameradschaft\/","og_locale":"de_DE","og_type":"article","og_title":"Die Reservistenkameradschaft Potsdam - Reservistenkameradschaft Potsdam","og_description":"Die Reservistenkameradschaft \"Gro\u00dfer Kurf\u00fcrst\" Potsdam wurde 1994 gegr\u00fcndet und ist mit knapp \u00fcber 200 Mitgliedern die gr\u00f6\u00dfte RK im Land Brandenburg.","og_url":"https:\/\/www.reservisten-brandenburg.de\/potsdam\/reservistenkameradschaft\/","og_site_name":"Reservistenkameradschaft Potsdam","article_publisher":"https:\/\/www.facebook.com\/rk.grosser.kurfuerst\/","article_modified_time":"2025-03-16T22:29:20+00:00","og_image":[{"width":1600,"height":900,"url":"https:\/\/www.reservisten-brandenburg.de\/potsdam\/wp-content\/uploads\/sites\/3\/2020\/03\/RK-Potsdam-MG-Munition.jpg","type":"image\/jpeg"}],"twitter_card":"summary_large_image","twitter_site":"@ResPotsdam","twitter_misc":{"Gesch\u00e4tzte Lesezeit":"1\u00a0Minute"},"schema":{"@context":"https:\/\/schema.org","@graph":[{"@type":"WebPage","@id":"https:\/\/www.reservisten-brandenburg.de\/potsdam\/reservistenkameradschaft\/","url":"https:\/\/www.reservisten-brandenburg.de\/potsdam\/reservistenkameradschaft\/","name":"Die Reservistenkameradschaft Potsdam - Reservistenkameradschaft Potsdam","isPartOf":{"@id":"https:\/\/www.reservisten-brandenburg.de\/potsdam\/#website"},"primaryImageOfPage":{"@id":"https:\/\/www.reservisten-brandenburg.de\/potsdam\/reservistenkameradschaft\/#primaryimage"},"image":{"@id":"https:\/\/www.reservisten-brandenburg.de\/potsdam\/reservistenkameradschaft\/#primaryimage"},"thumbnailUrl":"https:\/\/www.reservisten-brandenburg.de\/potsdam\/wp-content\/uploads\/sites\/3\/2020\/03\/RK-Potsdam-MG-Munition.jpg","datePublished":"2020-03-18T14:59:52+00:00","dateModified":"2025-03-16T22:29:20+00:00","description":"Die Reservistenkameradschaft \"Gro\u00dfer Kurf\u00fcrst\" Potsdam wurde 1994 gegr\u00fcndet und ist mit knapp \u00fcber 200 Mitgliedern die gr\u00f6\u00dfte RK im Land Brandenburg.","breadcrumb":{"@id":"https:\/\/www.reservisten-brandenburg.de\/potsdam\/reservistenkameradschaft\/#breadcrumb"},"inLanguage":"de","potentialAction":[{"@type":"ReadAction","target":["https:\/\/www.reservisten-brandenburg.de\/potsdam\/reservistenkameradschaft\/"]}]},{"@type":"ImageObject","inLanguage":"de","@id":"https:\/\/www.reservisten-brandenburg.de\/potsdam\/reservistenkameradschaft\/#primaryimage","url":"https:\/\/www.reservisten-brandenburg.de\/potsdam\/wp-content\/uploads\/sites\/3\/2020\/03\/RK-Potsdam-MG-Munition.jpg","contentUrl":"https:\/\/www.reservisten-brandenburg.de\/potsdam\/wp-content\/uploads\/sites\/3\/2020\/03\/RK-Potsdam-MG-Munition.jpg","width":1600,"height":900},{"@type":"BreadcrumbList","@id":"https:\/\/www.reservisten-brandenburg.de\/potsdam\/reservistenkameradschaft\/#breadcrumb","itemListElement":[{"@type":"ListItem","position":1,"name":"Startseite","item":"https:\/\/www.reservisten-brandenburg.de\/potsdam\/"},{"@type":"ListItem","position":2,"name":"Die Reservistenkameradschaft Potsdam"}]},{"@type":"WebSite","@id":"https:\/\/www.reservisten-brandenburg.de\/potsdam\/#website","url":"https:\/\/www.reservisten-brandenburg.de\/potsdam\/","name":"Reservistenkameradschaft Potsdam","description":"Die Reserve in Potsdam","potentialAction":[{"@type":"SearchAction","target":{"@type":"EntryPoint","urlTemplate":"https:\/\/www.reservisten-brandenburg.de\/potsdam\/?s={search_term_string}"},"query-input":{"@type":"PropertyValueSpecification","valueRequired":true,"valueName":"search_term_string"}}],"inLanguage":"de"}]}},"_links":{"self":[{"href":"https:\/\/www.reservisten-brandenburg.de\/potsdam\/wp-json\/wp\/v2\/pages\/35","targetHints":{"allow":["GET"]}}],"collection":[{"href":"https:\/\/www.reservisten-brandenburg.de\/potsdam\/wp-json\/wp\/v2\/pages"}],"about":[{"href":"https:\/\/www.reservisten-brandenburg.de\/potsdam\/wp-json\/wp\/v2\/types\/page"}],"author":[{"embeddable":true,"href":"https:\/\/www.reservisten-brandenburg.de\/potsdam\/wp-json\/wp\/v2\/users\/12"}],"replies":[{"embeddable":true,"href":"https:\/\/www.reservisten-brandenburg.de\/potsdam\/wp-json\/wp\/v2\/comments?post=35"}],"version-history":[{"count":0,"href":"https:\/\/www.reservisten-brandenburg.de\/potsdam\/wp-json\/wp\/v2\/pages\/35\/revisions"}],"wp:featuredmedia":[{"embeddable":true,"href":"https:\/\/www.reservisten-brandenburg.de\/potsdam\/wp-json\/wp\/v2\/media\/39"}],"wp:attachment":[{"href":"https:\/\/www.reservisten-brandenburg.de\/potsdam\/wp-json\/wp\/v2\/media?parent=35"}],"curies":[{"name":"wp","href":"https:\/\/api.w.org\/{rel}","templated":true}]}}