{"id":89,"date":"2020-06-19T00:21:03","date_gmt":"2020-06-18T22:21:03","guid":{"rendered":"https:\/\/www.reservisten-brandenburg.de\/cyber\/?page_id=89"},"modified":"2020-07-27T23:20:42","modified_gmt":"2020-07-27T21:20:42","slug":"regeln","status":"publish","type":"page","link":"https:\/\/www.reservisten-brandenburg.de\/cyber\/online-training\/regeln\/","title":{"rendered":"Regeln und Hinweise"},"content":{"rendered":"\n<p>Um die <a href=\"http:\/\/www.cyber-ops.de\/online-training\/\">Ausbildungen<\/a> ohne den gewohnten pers\u00f6nlichen Kontakt effizient durchf\u00fchren zu k\u00f6nnen, haben wir uns einige Regeln und Handlungsempfehlungen f\u00fcr die Durchf\u00fchrung unserer Online-Veranstaltungen an die Hand gegeben. Diese sollen eine gute Kommunikation f\u00f6rdern und unbeabsichtigte St\u00f6rungen vermeiden.<\/p>\n\n\n\n<h2 class=\"wp-block-heading\" id=\"klarname\">1. Klarnamen verwenden<\/h2>\n\n\n\n<p>Verwendet Euren Klarnamen. Ihr seht wer die Referenten und Moderatoren sind. Auch wir wollen wissen mit wem wir es zu tun haben. Die Veranstaltungen finden im geschlossenen Kreis der angemeldeten Teilnehmer, im Regelfall aus dem Kreis der Brandenburger und Berliner Reservisten, statt.<\/p>\n\n\n\n<p>Wir behalten uns vor Nutzer die wir nicht zuordnen k\u00f6nnen aus der Web-Konferenz zu entfernen bzw. gar nicht erst f\u00fcr die Teilnahme freizugeben.<\/p>\n\n\n\n<h2 class=\"wp-block-heading\" id=\"webcam\">2. Webcam nutzen<\/h2>\n\n\n\n<p>Schaltet wenn m\u00f6glich Eure Webcam an. Das unterst\u00fctzt den pers\u00f6nlichen Kontakt, der ja bei Online-Meetings schon eingeschr\u00e4nkt ist.<br>(Empfehlung: Schaltet aber bei schlechter Datenanbindung Euer Video aus, z.B. wenn es bandbreitenbedingt zu St\u00f6rungen beim Ton kommt, damit die zur Verf\u00fcgung stehende Bandbreite f\u00fcr die Sprach\u00fcbertragung genutzt werden kann.)<\/p>\n\n\n\n<h2 class=\"wp-block-heading\" id=\"mikrofon\">3. Mikrofon aus<\/h2>\n\n\n\n<p>Macht grunds\u00e4tzlich Euer Mikrofon aus. Schaltet es nur ein, wenn Ihr aktiv am Gespr\u00e4ch teilnehmen wollt. (Dazu den n\u00e4chsten Punkt beachten.)<\/p>\n\n\n\n<h2 class=\"wp-block-heading\" id=\"nicht-unterbrechen\">4. Nicht unterbrechen<\/h2>\n\n\n\n<p>Die Veranstaltung wird moderiert. Hebt vor Euren Wortmeldungen \u00fcber den entsprechenden Button virtuell \u2018die Hand\u2019. Das Wort wird dann zu einem geeigneten Zeitpunkt erteilt. <\/p>\n\n\n\n<p>Gegenbenenfalls k\u00f6nnt Ihr Eure Fragen auch im Chat posten. Diese k\u00f6nnen dann durch den Moderator an den Referenten weitergegeben werden. Der Referent wird sich im Regelfall auf seine Aufgabe fokussieren und nicht den Chat \u00fcberwachen.<\/p>\n\n\n\n<h2 class=\"wp-block-heading\" id=\"thema\">5. Beim Thema bleiben<\/h2>\n\n\n\n<p>Bleibt bei Fragen und im Chat beim Thema des Online-Trainings. Stellt Fragen zu technischen Problemen oder dem organisatorischen Ablauf nur in dringenden F\u00e4llen w\u00e4hrend der Veranstaltung. Nutzt dazu die Zeit unmittelbar vor oder nach dem Online-Training. Oder wendet Euch im Vorfeld oder Nachgang an den Organisator der Besprechung.<\/p>\n\n\n\n<h2 class=\"wp-block-heading\" id=\"vertraulichkeit\">6. Vertraulichkeit waren<\/h2>\n\n\n\n<p>Die Durchf\u00fchrung der Veranstaltung beruht auf gegenseitige Kameradschaft und Vertrauen.&nbsp;Es werden keine Geheimnisse o.\u00e4. kommuniziert. Dennoch ist die&nbsp;Aufnahme der Online-Besprechung nicht zul\u00e4ssig und die Weitergabe oder Ver\u00f6ffentlichung der Inhalte, insbesondere der Ausbildungsmaterialien nicht erlaubt.<\/p>\n\n\n\n<h2 class=\"wp-block-heading\" id=\"p\u00fcnktlich\">7. Seid p\u00fcnktlich<\/h2>\n\n\n\n<blockquote class=\"wp-block-quote is-style-default is-layout-flow wp-block-quote-is-layout-flow\"><p>\u201eF\u00fcnf Minuten vor der Zeit, ist des Soldaten P\u00fcnktlichkeit.\u201c <\/p><\/blockquote>\n\n\n\n<p>Ziel ist es p\u00fcnktlich zu den angegebenen Zeiten mit den Veranstaltungen zu starten. Seid am besten ein paar Minuten fr\u00fcher dran, um auf ggf. auftretende Probleme reagieren zu k\u00f6nnen. <\/p>\n\n\n\n<h2 class=\"wp-block-heading\" id=\"technik\">8. Die liebe Technik&#8230;<\/h2>\n\n\n\n<p>Nehmt nach M\u00f6glichkeit am Computer oder am Tablett teil. Die Nutzung interaktive Elemente und die Darstellung der Slides k\u00f6nnen am Smartphone unkomfortabel&nbsp;sein.<\/p>\n\n\n\n<p>Pr\u00fcft die Konfiguration Eures Endger\u00e4tes rechtzeitig vor Beginn der Veranstaltung, so dass Ihr rechtzeitig vor Beginn sicher seid, dass alles funktioniert. W\u00e4hrend der Veranstaltung kann im Regelfall kein technischer Support gegeben werden.<\/p>\n\n\n\n<p>Grunds\u00e4tzlich k\u00f6nnt Ihr Euch schon mit Erhalt der Zugangsdaten bzw. des Teilnahmelinks in die Veranstaltung einw\u00e4hlen. (Je nach Einstellung kommt Ihr nur bis in den &#8218;Warteraum&#8216;.) Dabei k\u00f6nnt Ihr Pr\u00fcfen, ob Eure Hard- und Software in Verbindung mit dem verwendeten <a href=\"http:\/\/www.cyber-ops.de\/online-training\/online-tools\/\">Online-Tool<\/a> funktionieren. Teilweise muss noch eine Software installiert werden oder ihr m\u00fcsst noch Freigaben f\u00fcr die Nutzung von Mikrofon und Kamera erteilen.<\/p>\n\n\n\n<h2 class=\"wp-block-heading\" id=\"VideoAufzeichnung\">9. Aufzeichnung<\/h2>\n\n\n\n<p>Wir behalten uns eine Aufzeichnung der Online-Veranstaltungen zum Zwecke der Dokumentation, der Auswertung des Online-Trainings durch die Lehrenden und der Weiterverwendung als Ausbildungsmaterial vor. Die Teilnehmer werden bei Start der Aufzeichnung bzw. beim Eintreten in die Online-Sitzung von der Software automatisch \u00fcber eine ggf. stattfindende Aufzeichnung informiert. Mit der Teilnahme an der Veranstaltung stimmen Sie der Aufzeichnung zu.<\/p>\n\n\n\n<p>Aufgezeichnet werden der Ton und das geteilte Videosignal (z.B. von den WebCams der Teilnehmer) bzw. geteilte Inhalte (z.B. eine Pr\u00e4sentation). Schalten Sie ggf. Ihre WebCam aus, wenn Sie nicht wollen, dass Ihr Bild aufgezeichnet werden soll. Nutzen Sie nicht die M\u00f6glichkeit per Mikrofon Fragen oder Kommentare zu stellen, wenn Sie nicht wollen, dass Ihre Stimme aufgezeichnet werden soll. Die Liste der Teilnehmer und der Chat werden nicht per Video aufgezeichnet.<\/p>\n","protected":false},"excerpt":{"rendered":"<p>Um die Ausbildungen ohne den gewohnten pers\u00f6nlichen Kontakt effizient durchf\u00fchren zu k\u00f6nnen, haben wir uns einige Regeln und Handlungsempfehlungen f\u00fcr die Durchf\u00fchrung unserer Online-Veranstaltungen an die Hand gegeben. Diese sollen [&hellip;]<\/p>\n","protected":false},"author":12,"featured_media":33,"parent":69,"menu_order":0,"comment_status":"closed","ping_status":"closed","template":"","meta":{"footnotes":""},"class_list":["post-89","page","type-page","status-publish","has-post-thumbnail","hentry"],"yoast_head":"<!-- This site is optimized with the Yoast SEO plugin v27.3 - https:\/\/yoast.com\/product\/yoast-seo-wordpress\/ -->\n<title>Regeln und Hinweise - IT und Digitalisierung<\/title>\n<meta name=\"robots\" content=\"index, follow, max-snippet:-1, max-image-preview:large, max-video-preview:-1\" \/>\n<link rel=\"canonical\" href=\"https:\/\/www.reservisten-brandenburg.de\/cyber\/online-training\/regeln\/\" \/>\n<meta property=\"og:locale\" content=\"de_DE\" \/>\n<meta property=\"og:type\" content=\"article\" \/>\n<meta property=\"og:title\" content=\"Regeln und Hinweise - IT und Digitalisierung\" \/>\n<meta property=\"og:description\" content=\"Um die Ausbildungen ohne den gewohnten pers\u00f6nlichen Kontakt effizient durchf\u00fchren zu k\u00f6nnen, haben wir uns einige Regeln und Handlungsempfehlungen f\u00fcr die Durchf\u00fchrung unserer Online-Veranstaltungen an die Hand gegeben. Diese sollen [&hellip;]\" \/>\n<meta property=\"og:url\" content=\"https:\/\/www.reservisten-brandenburg.de\/cyber\/online-training\/regeln\/\" \/>\n<meta property=\"og:site_name\" content=\"IT und Digitalisierung\" \/>\n<meta property=\"article:publisher\" content=\"https:\/\/www.facebook.com\/reservisten.brandenburg\/\" \/>\n<meta property=\"article:modified_time\" content=\"2020-07-27T21:20:42+00:00\" \/>\n<meta property=\"og:image\" content=\"https:\/\/www.reservisten-brandenburg.de\/cyber\/wp-content\/uploads\/sites\/12\/2020\/03\/Live_Firing.jpg\" \/>\n\t<meta property=\"og:image:width\" content=\"1600\" \/>\n\t<meta property=\"og:image:height\" content=\"900\" \/>\n\t<meta property=\"og:image:type\" content=\"image\/jpeg\" \/>\n<meta name=\"twitter:card\" content=\"summary_large_image\" \/>\n<meta name=\"twitter:site\" content=\"@ResBrandenburg\" \/>\n<meta name=\"twitter:label1\" content=\"Gesch\u00e4tzte Lesezeit\" \/>\n\t<meta name=\"twitter:data1\" content=\"3\u00a0Minuten\" \/>\n<script type=\"application\/ld+json\" class=\"yoast-schema-graph\">{\"@context\":\"https:\\\/\\\/schema.org\",\"@graph\":[{\"@type\":\"WebPage\",\"@id\":\"https:\\\/\\\/www.reservisten-brandenburg.de\\\/cyber\\\/online-training\\\/regeln\\\/\",\"url\":\"https:\\\/\\\/www.reservisten-brandenburg.de\\\/cyber\\\/online-training\\\/regeln\\\/\",\"name\":\"Regeln und Hinweise - IT und Digitalisierung\",\"isPartOf\":{\"@id\":\"https:\\\/\\\/www.reservisten-brandenburg.de\\\/cyber\\\/#website\"},\"primaryImageOfPage\":{\"@id\":\"https:\\\/\\\/www.reservisten-brandenburg.de\\\/cyber\\\/online-training\\\/regeln\\\/#primaryimage\"},\"image\":{\"@id\":\"https:\\\/\\\/www.reservisten-brandenburg.de\\\/cyber\\\/online-training\\\/regeln\\\/#primaryimage\"},\"thumbnailUrl\":\"https:\\\/\\\/www.reservisten-brandenburg.de\\\/cyber\\\/wp-content\\\/uploads\\\/sites\\\/12\\\/2020\\\/03\\\/Live_Firing.jpg\",\"datePublished\":\"2020-06-18T22:21:03+00:00\",\"dateModified\":\"2020-07-27T21:20:42+00:00\",\"breadcrumb\":{\"@id\":\"https:\\\/\\\/www.reservisten-brandenburg.de\\\/cyber\\\/online-training\\\/regeln\\\/#breadcrumb\"},\"inLanguage\":\"de\",\"potentialAction\":[{\"@type\":\"ReadAction\",\"target\":[\"https:\\\/\\\/www.reservisten-brandenburg.de\\\/cyber\\\/online-training\\\/regeln\\\/\"]}]},{\"@type\":\"ImageObject\",\"inLanguage\":\"de\",\"@id\":\"https:\\\/\\\/www.reservisten-brandenburg.de\\\/cyber\\\/online-training\\\/regeln\\\/#primaryimage\",\"url\":\"https:\\\/\\\/www.reservisten-brandenburg.de\\\/cyber\\\/wp-content\\\/uploads\\\/sites\\\/12\\\/2020\\\/03\\\/Live_Firing.jpg\",\"contentUrl\":\"https:\\\/\\\/www.reservisten-brandenburg.de\\\/cyber\\\/wp-content\\\/uploads\\\/sites\\\/12\\\/2020\\\/03\\\/Live_Firing.jpg\",\"width\":1600,\"height\":900},{\"@type\":\"BreadcrumbList\",\"@id\":\"https:\\\/\\\/www.reservisten-brandenburg.de\\\/cyber\\\/online-training\\\/regeln\\\/#breadcrumb\",\"itemListElement\":[{\"@type\":\"ListItem\",\"position\":1,\"name\":\"Startseite\",\"item\":\"https:\\\/\\\/www.reservisten-brandenburg.de\\\/cyber\\\/\"},{\"@type\":\"ListItem\",\"position\":2,\"name\":\"Online-Trainings und -Ausbildungen\",\"item\":\"https:\\\/\\\/www.reservisten-brandenburg.de\\\/cyber\\\/online-training\\\/\"},{\"@type\":\"ListItem\",\"position\":3,\"name\":\"Regeln und Hinweise\"}]},{\"@type\":\"WebSite\",\"@id\":\"https:\\\/\\\/www.reservisten-brandenburg.de\\\/cyber\\\/#website\",\"url\":\"https:\\\/\\\/www.reservisten-brandenburg.de\\\/cyber\\\/\",\"name\":\"IT und Digitalisierung\",\"description\":\"Reservistenverband Brandenburg - IT und Digitalisierung\",\"publisher\":{\"@id\":\"https:\\\/\\\/www.reservisten-brandenburg.de\\\/cyber\\\/#organization\"},\"potentialAction\":[{\"@type\":\"SearchAction\",\"target\":{\"@type\":\"EntryPoint\",\"urlTemplate\":\"https:\\\/\\\/www.reservisten-brandenburg.de\\\/cyber\\\/?s={search_term_string}\"},\"query-input\":{\"@type\":\"PropertyValueSpecification\",\"valueRequired\":true,\"valueName\":\"search_term_string\"}}],\"inLanguage\":\"de\"},{\"@type\":\"Organization\",\"@id\":\"https:\\\/\\\/www.reservisten-brandenburg.de\\\/cyber\\\/#organization\",\"name\":\"Reservistenverband Brandenburg\",\"url\":\"https:\\\/\\\/www.reservisten-brandenburg.de\\\/cyber\\\/\",\"logo\":{\"@type\":\"ImageObject\",\"inLanguage\":\"de\",\"@id\":\"https:\\\/\\\/www.reservisten-brandenburg.de\\\/cyber\\\/#\\\/schema\\\/logo\\\/image\\\/\",\"url\":\"\",\"contentUrl\":\"\",\"caption\":\"Reservistenverband Brandenburg\"},\"image\":{\"@id\":\"https:\\\/\\\/www.reservisten-brandenburg.de\\\/cyber\\\/#\\\/schema\\\/logo\\\/image\\\/\"},\"sameAs\":[\"https:\\\/\\\/www.facebook.com\\\/reservisten.brandenburg\\\/\",\"https:\\\/\\\/x.com\\\/ResBrandenburg\",\"https:\\\/\\\/www.youtube.com\\\/channel\\\/UC30IySNYu79rnI6_89Sdf_A\",\"https:\\\/\\\/de.wikipedia.org\\\/wiki\\\/Verband_der_Reservisten_der_Deutschen_Bundeswehr\"]}]}<\/script>\n<!-- \/ Yoast SEO plugin. -->","yoast_head_json":{"title":"Regeln und Hinweise - IT und Digitalisierung","robots":{"index":"index","follow":"follow","max-snippet":"max-snippet:-1","max-image-preview":"max-image-preview:large","max-video-preview":"max-video-preview:-1"},"canonical":"https:\/\/www.reservisten-brandenburg.de\/cyber\/online-training\/regeln\/","og_locale":"de_DE","og_type":"article","og_title":"Regeln und Hinweise - IT und Digitalisierung","og_description":"Um die Ausbildungen ohne den gewohnten pers\u00f6nlichen Kontakt effizient durchf\u00fchren zu k\u00f6nnen, haben wir uns einige Regeln und Handlungsempfehlungen f\u00fcr die Durchf\u00fchrung unserer Online-Veranstaltungen an die Hand gegeben. Diese sollen [&hellip;]","og_url":"https:\/\/www.reservisten-brandenburg.de\/cyber\/online-training\/regeln\/","og_site_name":"IT und Digitalisierung","article_publisher":"https:\/\/www.facebook.com\/reservisten.brandenburg\/","article_modified_time":"2020-07-27T21:20:42+00:00","og_image":[{"width":1600,"height":900,"url":"https:\/\/www.reservisten-brandenburg.de\/cyber\/wp-content\/uploads\/sites\/12\/2020\/03\/Live_Firing.jpg","type":"image\/jpeg"}],"twitter_card":"summary_large_image","twitter_site":"@ResBrandenburg","twitter_misc":{"Gesch\u00e4tzte Lesezeit":"3\u00a0Minuten"},"schema":{"@context":"https:\/\/schema.org","@graph":[{"@type":"WebPage","@id":"https:\/\/www.reservisten-brandenburg.de\/cyber\/online-training\/regeln\/","url":"https:\/\/www.reservisten-brandenburg.de\/cyber\/online-training\/regeln\/","name":"Regeln und Hinweise - IT und Digitalisierung","isPartOf":{"@id":"https:\/\/www.reservisten-brandenburg.de\/cyber\/#website"},"primaryImageOfPage":{"@id":"https:\/\/www.reservisten-brandenburg.de\/cyber\/online-training\/regeln\/#primaryimage"},"image":{"@id":"https:\/\/www.reservisten-brandenburg.de\/cyber\/online-training\/regeln\/#primaryimage"},"thumbnailUrl":"https:\/\/www.reservisten-brandenburg.de\/cyber\/wp-content\/uploads\/sites\/12\/2020\/03\/Live_Firing.jpg","datePublished":"2020-06-18T22:21:03+00:00","dateModified":"2020-07-27T21:20:42+00:00","breadcrumb":{"@id":"https:\/\/www.reservisten-brandenburg.de\/cyber\/online-training\/regeln\/#breadcrumb"},"inLanguage":"de","potentialAction":[{"@type":"ReadAction","target":["https:\/\/www.reservisten-brandenburg.de\/cyber\/online-training\/regeln\/"]}]},{"@type":"ImageObject","inLanguage":"de","@id":"https:\/\/www.reservisten-brandenburg.de\/cyber\/online-training\/regeln\/#primaryimage","url":"https:\/\/www.reservisten-brandenburg.de\/cyber\/wp-content\/uploads\/sites\/12\/2020\/03\/Live_Firing.jpg","contentUrl":"https:\/\/www.reservisten-brandenburg.de\/cyber\/wp-content\/uploads\/sites\/12\/2020\/03\/Live_Firing.jpg","width":1600,"height":900},{"@type":"BreadcrumbList","@id":"https:\/\/www.reservisten-brandenburg.de\/cyber\/online-training\/regeln\/#breadcrumb","itemListElement":[{"@type":"ListItem","position":1,"name":"Startseite","item":"https:\/\/www.reservisten-brandenburg.de\/cyber\/"},{"@type":"ListItem","position":2,"name":"Online-Trainings und -Ausbildungen","item":"https:\/\/www.reservisten-brandenburg.de\/cyber\/online-training\/"},{"@type":"ListItem","position":3,"name":"Regeln und Hinweise"}]},{"@type":"WebSite","@id":"https:\/\/www.reservisten-brandenburg.de\/cyber\/#website","url":"https:\/\/www.reservisten-brandenburg.de\/cyber\/","name":"IT und Digitalisierung","description":"Reservistenverband Brandenburg - IT und Digitalisierung","publisher":{"@id":"https:\/\/www.reservisten-brandenburg.de\/cyber\/#organization"},"potentialAction":[{"@type":"SearchAction","target":{"@type":"EntryPoint","urlTemplate":"https:\/\/www.reservisten-brandenburg.de\/cyber\/?s={search_term_string}"},"query-input":{"@type":"PropertyValueSpecification","valueRequired":true,"valueName":"search_term_string"}}],"inLanguage":"de"},{"@type":"Organization","@id":"https:\/\/www.reservisten-brandenburg.de\/cyber\/#organization","name":"Reservistenverband Brandenburg","url":"https:\/\/www.reservisten-brandenburg.de\/cyber\/","logo":{"@type":"ImageObject","inLanguage":"de","@id":"https:\/\/www.reservisten-brandenburg.de\/cyber\/#\/schema\/logo\/image\/","url":"","contentUrl":"","caption":"Reservistenverband Brandenburg"},"image":{"@id":"https:\/\/www.reservisten-brandenburg.de\/cyber\/#\/schema\/logo\/image\/"},"sameAs":["https:\/\/www.facebook.com\/reservisten.brandenburg\/","https:\/\/x.com\/ResBrandenburg","https:\/\/www.youtube.com\/channel\/UC30IySNYu79rnI6_89Sdf_A","https:\/\/de.wikipedia.org\/wiki\/Verband_der_Reservisten_der_Deutschen_Bundeswehr"]}]}},"_links":{"self":[{"href":"https:\/\/www.reservisten-brandenburg.de\/cyber\/wp-json\/wp\/v2\/pages\/89","targetHints":{"allow":["GET"]}}],"collection":[{"href":"https:\/\/www.reservisten-brandenburg.de\/cyber\/wp-json\/wp\/v2\/pages"}],"about":[{"href":"https:\/\/www.reservisten-brandenburg.de\/cyber\/wp-json\/wp\/v2\/types\/page"}],"author":[{"embeddable":true,"href":"https:\/\/www.reservisten-brandenburg.de\/cyber\/wp-json\/wp\/v2\/users\/12"}],"replies":[{"embeddable":true,"href":"https:\/\/www.reservisten-brandenburg.de\/cyber\/wp-json\/wp\/v2\/comments?post=89"}],"version-history":[{"count":0,"href":"https:\/\/www.reservisten-brandenburg.de\/cyber\/wp-json\/wp\/v2\/pages\/89\/revisions"}],"up":[{"embeddable":true,"href":"https:\/\/www.reservisten-brandenburg.de\/cyber\/wp-json\/wp\/v2\/pages\/69"}],"wp:featuredmedia":[{"embeddable":true,"href":"https:\/\/www.reservisten-brandenburg.de\/cyber\/wp-json\/wp\/v2\/media\/33"}],"wp:attachment":[{"href":"https:\/\/www.reservisten-brandenburg.de\/cyber\/wp-json\/wp\/v2\/media?parent=89"}],"curies":[{"name":"wp","href":"https:\/\/api.w.org\/{rel}","templated":true}]}}