{"id":47,"date":"2020-05-24T03:10:20","date_gmt":"2020-05-24T01:10:20","guid":{"rendered":"http:\/\/www.reservisten-brandenburg.de\/cyber\/?page_id=47"},"modified":"2023-04-24T21:14:48","modified_gmt":"2023-04-24T19:14:48","slug":"cyber-reserve","status":"publish","type":"page","link":"https:\/\/www.reservisten-brandenburg.de\/cyber\/cyber-reserve\/","title":{"rendered":"Cyber-Reserve und Bundeswehr"},"content":{"rendered":"\n<h2 class=\"wp-block-heading\">Die Cyber-Reserve<\/h2>\n\n\n\n<p>Reservisten sind ein wichtiger Bestandteil der Bundeswehr und unverzichtbar f\u00fcr die Sicherheitsvorsorge Deutschlands. Das Konzept der Cyber-Reserve geht \u00fcber den bisherigen Reservedienst hinaus und \u00f6ffnet ihn f\u00fcr neue Zielgruppen. Nur so kann die ben\u00f6tigte Expertise in einem sehr dynamischen Bereich erhalten und verbessert werden. Ziel ist es, den Austausch zwischen Fachleuten der Bundeswehr und Experten aus Beh\u00f6rden, der Wirtschaft und Gesellschaft zu erleichtern und einen Wissenstransfer zu f\u00f6rdern.<\/p>\n\n\n\n<p>Damit ein verl\u00e4sslicher Pool von IT-Expertinnen und Experten der Bundeswehr bei Bedarf f\u00fcr Reservistendienste zur Verf\u00fcgung stehen kann, unterst\u00fctzt der Reservistenverband beim Aufbau von vier regionalen Cyber-Experten-Teams. Diese lehnen sich an die Regionalzentren des Zentrums f\u00fcr Cyber-Sicherheit der Bundeswehr in Euskirchen an.<\/p>\n\n\n\n<p>Die Regionalzentren liegen in Wilhelmshaven, Ulm, Storkow und Euskirchen. Der Reservistenverband wird dabei unterst\u00fctzen, um IT-Experten f\u00fcr die regionalen Teams zu werben. Die Bundeswehr bildet diese Reservisten dann fort und weiter, sodass sie bei Bedarf jederzeit helfen k\u00f6nnen. <\/p>\n\n\n\n<p>Dazu haben die betroffenen Landesgruppen entsprechende Cyber-Beauftragte benannt. Die <a rel=\"noreferrer noopener\" href=\"https:\/\/www.reservisten-brandenburg.de\/\" target=\"_blank\">Landesgruppe Brandenburg<\/a> beteiligt sich als eine von insgesamt vier Landesgruppen an dem Projekt.<\/p>\n\n\n\n<h2 class=\"wp-block-heading\">Bundeswehr<\/h2>\n\n\n\n<p>Das <a rel=\"noreferrer noopener\" href=\"https:\/\/de.wikipedia.org\/wiki\/Informationstechnikbataillon_381\" target=\"_blank\">Informationstechnikbataillon 381 in Storkow<\/a> ist eines von nur vier IT-Bataillonen der Bundeswehr. Ihm ist eines der Regionalzentren des Zentrums f\u00fcr Cyber-Sicherheit angegliedert. Dieses soll zuk\u00fcnftig bei Bedarf durch ein reginales Cyber-Experten-Team aus Reservedienstleistenden unterst\u00fctzt werden.<\/p>\n\n\n\n<p>F\u00fcr diese Arbeit suchen wir immer qualifizierte und motivierte Reservistinnen und Reservisten (bzw. solche die es werden wollen). Gerade in der Anfangsphase werden sich beim Aufbau des Teams interessante M\u00f6glichkeiten f\u00fcr die pers\u00f6nliche und fachliche Weiterentwicklung bieten. Interessiert? Dann melde Dich und und mach mit!<\/p>\n\n\n\n<hr class=\"wp-block-separator\"\/>\n\n\n\n<h2 class=\"wp-block-heading\">Beauftragter Cyber<\/h2>\n\n\n\n<p>Der Beauftragte <em>Cyber<\/em> der Landesgruppe Brandenburg soll als Ansprechpartner f\u00fcr Interessenten und f\u00fcr das Regionalzentrum Cyber-Sicherheit fungieren.<\/p>\n\n\n\n<div class=\"wp-block-group alignwide\"><div class=\"wp-block-group__inner-container is-layout-flow wp-block-group-is-layout-flow\">\n<div class=\"wp-block-media-text alignwide is-stacked-on-mobile\" style=\"grid-template-columns:32% auto\"><figure class=\"wp-block-media-text__media\"><img decoding=\"async\" src=\"https:\/\/www.reservisten-brandenburg.de\/wp-content\/uploads\/2019\/03\/Ronald_Nitschke.jpg\" alt=\"\" class=\"wp-image-4011 size-full\"\/><\/figure><div class=\"wp-block-media-text__content\">\n<p style=\"font-size:24px; margin-bottom:-5px;\">Erster stellv. Landesvorsitzender<\/p>\n<p style=\"font-size:17px\"><a href=\"https:\/\/www.reservisten-brandenburg.de\/start\/presse\/\">Presse und Kommunikation<\/a> \/\/ <a href=\"http:\/\/www.cyber-ops.de\" target=\"_blank\" rel=\"noopener noreferrer\">IT und Digitalisierung<\/a><\/p>\n\n\n\n<p><strong>Ronald Nitschke<\/strong><br>Oberstabsgefreiter d.R.<br>E-Mail: <a href=\"&#x6d;&#x61;&#x69;&#x6c;&#116;&#111;&#58;&#105;t&#64;r&#x65;&#x73;&#x65;&#x72;&#x76;&#105;&#115;&#116;en-&#x62;&#x72;&#x61;&#x6e;&#x64;&#101;&#110;&#98;urg&#x2e;&#x64;&#x65;\" target=\"_blank\" rel=\"noreferrer noopener\">&#x69;&#116;&#64;&#x72;&#x65;&#115;&#101;&#x72;&#x76;&#105;&#115;&#x74;&#x65;&#110;&#45;&#x62;&#x72;&#97;&#110;&#x64;&#x65;&#110;&#98;&#x75;&#x72;&#103;&#46;&#x64;&#x65;<\/a><\/p>\n<\/div><\/div>\n<\/div><\/div>\n","protected":false},"excerpt":{"rendered":"<p>Die Cyber-Reserve Reservisten sind ein wichtiger Bestandteil der Bundeswehr und unverzichtbar f\u00fcr die Sicherheitsvorsorge Deutschlands. Das Konzept der Cyber-Reserve geht \u00fcber den bisherigen Reservedienst hinaus und \u00f6ffnet ihn f\u00fcr neue [&hellip;]<\/p>\n","protected":false},"author":12,"featured_media":32,"parent":0,"menu_order":0,"comment_status":"closed","ping_status":"closed","template":"","meta":{"footnotes":""},"class_list":["post-47","page","type-page","status-publish","has-post-thumbnail","hentry"],"yoast_head":"<!-- This site is optimized with the Yoast SEO plugin v27.4 - https:\/\/yoast.com\/product\/yoast-seo-wordpress\/ -->\n<title>Cyber-Reserve und Bundeswehr - IT und Digitalisierung<\/title>\n<meta name=\"description\" content=\"Die Cyber-Reserve des Reservistenverbandes unterst\u00fctzt auch in Brandenburg die Bundeswehr mit ihren regionalen Teams aus IT-Experten.\" \/>\n<meta name=\"robots\" content=\"index, follow, max-snippet:-1, max-image-preview:large, max-video-preview:-1\" \/>\n<link rel=\"canonical\" href=\"https:\/\/www.reservisten-brandenburg.de\/cyber\/cyber-reserve\/\" \/>\n<meta property=\"og:locale\" content=\"de_DE\" \/>\n<meta property=\"og:type\" content=\"article\" \/>\n<meta property=\"og:title\" content=\"Cyber-Reserve und Bundeswehr - IT und Digitalisierung\" \/>\n<meta property=\"og:description\" content=\"Die Cyber-Reserve des Reservistenverbandes unterst\u00fctzt auch in Brandenburg die Bundeswehr mit ihren regionalen Teams aus IT-Experten.\" \/>\n<meta property=\"og:url\" content=\"https:\/\/www.reservisten-brandenburg.de\/cyber\/cyber-reserve\/\" \/>\n<meta property=\"og:site_name\" content=\"IT und Digitalisierung\" \/>\n<meta property=\"article:publisher\" content=\"https:\/\/www.facebook.com\/reservisten.brandenburg\/\" \/>\n<meta property=\"article:modified_time\" content=\"2023-04-24T19:14:48+00:00\" \/>\n<meta property=\"og:image\" content=\"https:\/\/www.reservisten-brandenburg.de\/cyber\/wp-content\/uploads\/sites\/12\/2020\/03\/Landesgruppe_Brandenburg.jpg\" \/>\n\t<meta property=\"og:image:width\" content=\"1600\" \/>\n\t<meta property=\"og:image:height\" content=\"900\" \/>\n\t<meta property=\"og:image:type\" content=\"image\/jpeg\" \/>\n<meta name=\"twitter:card\" content=\"summary_large_image\" \/>\n<meta name=\"twitter:site\" content=\"@ResBrandenburg\" \/>\n<meta name=\"twitter:label1\" content=\"Gesch\u00e4tzte Lesezeit\" \/>\n\t<meta name=\"twitter:data1\" content=\"1\u00a0Minute\" \/>\n<script type=\"application\/ld+json\" class=\"yoast-schema-graph\">{\"@context\":\"https:\\\/\\\/schema.org\",\"@graph\":[{\"@type\":\"WebPage\",\"@id\":\"https:\\\/\\\/www.reservisten-brandenburg.de\\\/cyber\\\/cyber-reserve\\\/\",\"url\":\"https:\\\/\\\/www.reservisten-brandenburg.de\\\/cyber\\\/cyber-reserve\\\/\",\"name\":\"Cyber-Reserve und Bundeswehr - IT und Digitalisierung\",\"isPartOf\":{\"@id\":\"https:\\\/\\\/www.reservisten-brandenburg.de\\\/cyber\\\/#website\"},\"primaryImageOfPage\":{\"@id\":\"https:\\\/\\\/www.reservisten-brandenburg.de\\\/cyber\\\/cyber-reserve\\\/#primaryimage\"},\"image\":{\"@id\":\"https:\\\/\\\/www.reservisten-brandenburg.de\\\/cyber\\\/cyber-reserve\\\/#primaryimage\"},\"thumbnailUrl\":\"https:\\\/\\\/www.reservisten-brandenburg.de\\\/cyber\\\/wp-content\\\/uploads\\\/sites\\\/12\\\/2020\\\/03\\\/Landesgruppe_Brandenburg.jpg\",\"datePublished\":\"2020-05-24T01:10:20+00:00\",\"dateModified\":\"2023-04-24T19:14:48+00:00\",\"description\":\"Die Cyber-Reserve des Reservistenverbandes unterst\u00fctzt auch in Brandenburg die Bundeswehr mit ihren regionalen Teams aus IT-Experten.\",\"breadcrumb\":{\"@id\":\"https:\\\/\\\/www.reservisten-brandenburg.de\\\/cyber\\\/cyber-reserve\\\/#breadcrumb\"},\"inLanguage\":\"de\",\"potentialAction\":[{\"@type\":\"ReadAction\",\"target\":[\"https:\\\/\\\/www.reservisten-brandenburg.de\\\/cyber\\\/cyber-reserve\\\/\"]}]},{\"@type\":\"ImageObject\",\"inLanguage\":\"de\",\"@id\":\"https:\\\/\\\/www.reservisten-brandenburg.de\\\/cyber\\\/cyber-reserve\\\/#primaryimage\",\"url\":\"https:\\\/\\\/www.reservisten-brandenburg.de\\\/cyber\\\/wp-content\\\/uploads\\\/sites\\\/12\\\/2020\\\/03\\\/Landesgruppe_Brandenburg.jpg\",\"contentUrl\":\"https:\\\/\\\/www.reservisten-brandenburg.de\\\/cyber\\\/wp-content\\\/uploads\\\/sites\\\/12\\\/2020\\\/03\\\/Landesgruppe_Brandenburg.jpg\",\"width\":1600,\"height\":900,\"caption\":\"(Foto: Ronald Nitschke)\"},{\"@type\":\"BreadcrumbList\",\"@id\":\"https:\\\/\\\/www.reservisten-brandenburg.de\\\/cyber\\\/cyber-reserve\\\/#breadcrumb\",\"itemListElement\":[{\"@type\":\"ListItem\",\"position\":1,\"name\":\"Startseite\",\"item\":\"https:\\\/\\\/www.reservisten-brandenburg.de\\\/cyber\\\/\"},{\"@type\":\"ListItem\",\"position\":2,\"name\":\"Cyber-Reserve und Bundeswehr\"}]},{\"@type\":\"WebSite\",\"@id\":\"https:\\\/\\\/www.reservisten-brandenburg.de\\\/cyber\\\/#website\",\"url\":\"https:\\\/\\\/www.reservisten-brandenburg.de\\\/cyber\\\/\",\"name\":\"IT und Digitalisierung\",\"description\":\"Reservistenverband Brandenburg - IT und Digitalisierung\",\"publisher\":{\"@id\":\"https:\\\/\\\/www.reservisten-brandenburg.de\\\/cyber\\\/#organization\"},\"potentialAction\":[{\"@type\":\"SearchAction\",\"target\":{\"@type\":\"EntryPoint\",\"urlTemplate\":\"https:\\\/\\\/www.reservisten-brandenburg.de\\\/cyber\\\/?s={search_term_string}\"},\"query-input\":{\"@type\":\"PropertyValueSpecification\",\"valueRequired\":true,\"valueName\":\"search_term_string\"}}],\"inLanguage\":\"de\"},{\"@type\":\"Organization\",\"@id\":\"https:\\\/\\\/www.reservisten-brandenburg.de\\\/cyber\\\/#organization\",\"name\":\"Reservistenverband Brandenburg\",\"url\":\"https:\\\/\\\/www.reservisten-brandenburg.de\\\/cyber\\\/\",\"logo\":{\"@type\":\"ImageObject\",\"inLanguage\":\"de\",\"@id\":\"https:\\\/\\\/www.reservisten-brandenburg.de\\\/cyber\\\/#\\\/schema\\\/logo\\\/image\\\/\",\"url\":\"\",\"contentUrl\":\"\",\"caption\":\"Reservistenverband Brandenburg\"},\"image\":{\"@id\":\"https:\\\/\\\/www.reservisten-brandenburg.de\\\/cyber\\\/#\\\/schema\\\/logo\\\/image\\\/\"},\"sameAs\":[\"https:\\\/\\\/www.facebook.com\\\/reservisten.brandenburg\\\/\",\"https:\\\/\\\/x.com\\\/ResBrandenburg\",\"https:\\\/\\\/www.youtube.com\\\/channel\\\/UC30IySNYu79rnI6_89Sdf_A\",\"https:\\\/\\\/de.wikipedia.org\\\/wiki\\\/Verband_der_Reservisten_der_Deutschen_Bundeswehr\"]}]}<\/script>\n<!-- \/ Yoast SEO plugin. -->","yoast_head_json":{"title":"Cyber-Reserve und Bundeswehr - IT und Digitalisierung","description":"Die Cyber-Reserve des Reservistenverbandes unterst\u00fctzt auch in Brandenburg die Bundeswehr mit ihren regionalen Teams aus IT-Experten.","robots":{"index":"index","follow":"follow","max-snippet":"max-snippet:-1","max-image-preview":"max-image-preview:large","max-video-preview":"max-video-preview:-1"},"canonical":"https:\/\/www.reservisten-brandenburg.de\/cyber\/cyber-reserve\/","og_locale":"de_DE","og_type":"article","og_title":"Cyber-Reserve und Bundeswehr - IT und Digitalisierung","og_description":"Die Cyber-Reserve des Reservistenverbandes unterst\u00fctzt auch in Brandenburg die Bundeswehr mit ihren regionalen Teams aus IT-Experten.","og_url":"https:\/\/www.reservisten-brandenburg.de\/cyber\/cyber-reserve\/","og_site_name":"IT und Digitalisierung","article_publisher":"https:\/\/www.facebook.com\/reservisten.brandenburg\/","article_modified_time":"2023-04-24T19:14:48+00:00","og_image":[{"width":1600,"height":900,"url":"https:\/\/www.reservisten-brandenburg.de\/cyber\/wp-content\/uploads\/sites\/12\/2020\/03\/Landesgruppe_Brandenburg.jpg","type":"image\/jpeg"}],"twitter_card":"summary_large_image","twitter_site":"@ResBrandenburg","twitter_misc":{"Gesch\u00e4tzte Lesezeit":"1\u00a0Minute"},"schema":{"@context":"https:\/\/schema.org","@graph":[{"@type":"WebPage","@id":"https:\/\/www.reservisten-brandenburg.de\/cyber\/cyber-reserve\/","url":"https:\/\/www.reservisten-brandenburg.de\/cyber\/cyber-reserve\/","name":"Cyber-Reserve und Bundeswehr - IT und Digitalisierung","isPartOf":{"@id":"https:\/\/www.reservisten-brandenburg.de\/cyber\/#website"},"primaryImageOfPage":{"@id":"https:\/\/www.reservisten-brandenburg.de\/cyber\/cyber-reserve\/#primaryimage"},"image":{"@id":"https:\/\/www.reservisten-brandenburg.de\/cyber\/cyber-reserve\/#primaryimage"},"thumbnailUrl":"https:\/\/www.reservisten-brandenburg.de\/cyber\/wp-content\/uploads\/sites\/12\/2020\/03\/Landesgruppe_Brandenburg.jpg","datePublished":"2020-05-24T01:10:20+00:00","dateModified":"2023-04-24T19:14:48+00:00","description":"Die Cyber-Reserve des Reservistenverbandes unterst\u00fctzt auch in Brandenburg die Bundeswehr mit ihren regionalen Teams aus IT-Experten.","breadcrumb":{"@id":"https:\/\/www.reservisten-brandenburg.de\/cyber\/cyber-reserve\/#breadcrumb"},"inLanguage":"de","potentialAction":[{"@type":"ReadAction","target":["https:\/\/www.reservisten-brandenburg.de\/cyber\/cyber-reserve\/"]}]},{"@type":"ImageObject","inLanguage":"de","@id":"https:\/\/www.reservisten-brandenburg.de\/cyber\/cyber-reserve\/#primaryimage","url":"https:\/\/www.reservisten-brandenburg.de\/cyber\/wp-content\/uploads\/sites\/12\/2020\/03\/Landesgruppe_Brandenburg.jpg","contentUrl":"https:\/\/www.reservisten-brandenburg.de\/cyber\/wp-content\/uploads\/sites\/12\/2020\/03\/Landesgruppe_Brandenburg.jpg","width":1600,"height":900,"caption":"(Foto: Ronald Nitschke)"},{"@type":"BreadcrumbList","@id":"https:\/\/www.reservisten-brandenburg.de\/cyber\/cyber-reserve\/#breadcrumb","itemListElement":[{"@type":"ListItem","position":1,"name":"Startseite","item":"https:\/\/www.reservisten-brandenburg.de\/cyber\/"},{"@type":"ListItem","position":2,"name":"Cyber-Reserve und Bundeswehr"}]},{"@type":"WebSite","@id":"https:\/\/www.reservisten-brandenburg.de\/cyber\/#website","url":"https:\/\/www.reservisten-brandenburg.de\/cyber\/","name":"IT und Digitalisierung","description":"Reservistenverband Brandenburg - IT und Digitalisierung","publisher":{"@id":"https:\/\/www.reservisten-brandenburg.de\/cyber\/#organization"},"potentialAction":[{"@type":"SearchAction","target":{"@type":"EntryPoint","urlTemplate":"https:\/\/www.reservisten-brandenburg.de\/cyber\/?s={search_term_string}"},"query-input":{"@type":"PropertyValueSpecification","valueRequired":true,"valueName":"search_term_string"}}],"inLanguage":"de"},{"@type":"Organization","@id":"https:\/\/www.reservisten-brandenburg.de\/cyber\/#organization","name":"Reservistenverband Brandenburg","url":"https:\/\/www.reservisten-brandenburg.de\/cyber\/","logo":{"@type":"ImageObject","inLanguage":"de","@id":"https:\/\/www.reservisten-brandenburg.de\/cyber\/#\/schema\/logo\/image\/","url":"","contentUrl":"","caption":"Reservistenverband Brandenburg"},"image":{"@id":"https:\/\/www.reservisten-brandenburg.de\/cyber\/#\/schema\/logo\/image\/"},"sameAs":["https:\/\/www.facebook.com\/reservisten.brandenburg\/","https:\/\/x.com\/ResBrandenburg","https:\/\/www.youtube.com\/channel\/UC30IySNYu79rnI6_89Sdf_A","https:\/\/de.wikipedia.org\/wiki\/Verband_der_Reservisten_der_Deutschen_Bundeswehr"]}]}},"_links":{"self":[{"href":"https:\/\/www.reservisten-brandenburg.de\/cyber\/wp-json\/wp\/v2\/pages\/47","targetHints":{"allow":["GET"]}}],"collection":[{"href":"https:\/\/www.reservisten-brandenburg.de\/cyber\/wp-json\/wp\/v2\/pages"}],"about":[{"href":"https:\/\/www.reservisten-brandenburg.de\/cyber\/wp-json\/wp\/v2\/types\/page"}],"author":[{"embeddable":true,"href":"https:\/\/www.reservisten-brandenburg.de\/cyber\/wp-json\/wp\/v2\/users\/12"}],"replies":[{"embeddable":true,"href":"https:\/\/www.reservisten-brandenburg.de\/cyber\/wp-json\/wp\/v2\/comments?post=47"}],"version-history":[{"count":0,"href":"https:\/\/www.reservisten-brandenburg.de\/cyber\/wp-json\/wp\/v2\/pages\/47\/revisions"}],"wp:featuredmedia":[{"embeddable":true,"href":"https:\/\/www.reservisten-brandenburg.de\/cyber\/wp-json\/wp\/v2\/media\/32"}],"wp:attachment":[{"href":"https:\/\/www.reservisten-brandenburg.de\/cyber\/wp-json\/wp\/v2\/media?parent=47"}],"curies":[{"name":"wp","href":"https:\/\/api.w.org\/{rel}","templated":true}]}}